CRAN Package Check Results for Package usdata

Last updated on 2025-11-12 01:49:14 CET.

Flavor Version Tinstall Tcheck Ttotal Status Flags
r-devel-linux-x86_64-debian-clang 0.3.1 4.64 51.70 56.34 NOTE
r-devel-linux-x86_64-debian-gcc 0.3.1 3.44 38.85 42.29 NOTE
r-devel-linux-x86_64-fedora-clang 0.3.1 81.93 NOTE
r-devel-linux-x86_64-fedora-gcc 0.3.1 79.79 NOTE
r-devel-windows-x86_64 0.3.1 9.00 72.00 81.00 NOTE
r-patched-linux-x86_64 0.3.1 4.50 47.60 52.10 NOTE
r-release-linux-x86_64 0.3.1 4.17 47.86 52.03 NOTE
r-release-macos-arm64 0.3.1 3.00 29.00 32.00 NOTE
r-release-macos-x86_64 0.3.1 6.00 51.00 57.00 NOTE
r-release-windows-x86_64 0.3.1 8.00 71.00 79.00 NOTE
r-oldrel-macos-arm64 0.3.1 3.00 23.00 26.00 OK
r-oldrel-macos-x86_64 0.3.1 6.00 46.00 52.00 OK
r-oldrel-windows-x86_64 0.3.1 10.00 86.00 96.00 OK

Check Details

Version: 0.3.1
Check: DESCRIPTION meta-information
Result: NOTE Missing dependency on R >= 4.1.0 because package code uses the pipe |> or function shorthand \(...) syntax added in R 4.1.0. File(s) using such syntax: ‘county_complete.Rd’ ‘fatal_police_shootings.Rd’ ‘gerrymander.Rd’ ‘pierce_county_house_sales.Rd’ ‘pop_age_2019.Rd’ ‘pop_race_2019.Rd’ ‘state_stats.Rd’ ‘us_temp.Rd’ Flavors: r-devel-linux-x86_64-debian-clang, r-devel-linux-x86_64-debian-gcc, r-devel-linux-x86_64-fedora-clang, r-devel-linux-x86_64-fedora-gcc, r-devel-windows-x86_64, r-patched-linux-x86_64, r-release-linux-x86_64, r-release-macos-arm64, r-release-macos-x86_64, r-release-windows-x86_64