Last updated on 2025-11-12 01:49:14 CET.
| Flavor | Version | Tinstall | Tcheck | Ttotal | Status | Flags |
|---|---|---|---|---|---|---|
| r-devel-linux-x86_64-debian-clang | 0.5.2 | 5.02 | 66.85 | 71.87 | NOTE | |
| r-devel-linux-x86_64-debian-gcc | 0.5.2 | 4.47 | 48.62 | 53.09 | NOTE | |
| r-devel-linux-x86_64-fedora-clang | 0.5.2 | 12.00 | 99.70 | 111.70 | OK | |
| r-devel-linux-x86_64-fedora-gcc | 0.5.2 | 14.00 | 110.24 | 124.24 | OK | |
| r-devel-windows-x86_64 | 0.5.2 | 8.00 | 77.00 | 85.00 | OK | |
| r-patched-linux-x86_64 | 0.5.2 | 5.90 | 62.75 | 68.65 | OK | |
| r-release-linux-x86_64 | 0.5.2 | 5.96 | 62.72 | 68.68 | OK | |
| r-release-macos-arm64 | 0.5.2 | 2.00 | 32.00 | 34.00 | OK | |
| r-release-macos-x86_64 | 0.5.2 | 5.00 | 57.00 | 62.00 | OK | |
| r-release-windows-x86_64 | 0.5.2 | 8.00 | 79.00 | 87.00 | OK | |
| r-oldrel-macos-arm64 | 0.5.2 | 3.00 | 30.00 | 33.00 | OK | |
| r-oldrel-macos-x86_64 | 0.5.2 | 7.00 | 48.00 | 55.00 | OK | |
| r-oldrel-windows-x86_64 | 0.5.2 | 11.00 | 99.00 | 110.00 | OK |
Version: 0.5.2
Check: CRAN incoming feasibility
Result: NOTE
Maintainer: ‘Juan Manuel Truppia <jmtruppia@gmail.com>’
No Authors@R field in DESCRIPTION.
Please add one, modifying
Authors@R: person(given = c("Juan", "Manuel"),
family = "Truppia",
role = c("aut", "cre"),
email = "jmtruppia@gmail.com")
as necessary.
Flavors: r-devel-linux-x86_64-debian-clang, r-devel-linux-x86_64-debian-gcc