Last updated on 2025-11-12 01:49:14 CET.
| Flavor | Version | Tinstall | Tcheck | Ttotal | Status | Flags |
|---|---|---|---|---|---|---|
| r-devel-linux-x86_64-debian-clang | 1.0.2 | 208.22 | 492.05 | 700.27 | OK | |
| r-devel-linux-x86_64-debian-gcc | 1.0.2 | 179.37 | 319.45 | 498.82 | OK | |
| r-devel-linux-x86_64-fedora-clang | 1.0.2 | 960.00 | 157.92 | 1117.92 | OK | |
| r-devel-linux-x86_64-fedora-gcc | 1.0.2 | 720.00 | 489.06 | 1209.06 | OK | |
| r-devel-windows-x86_64 | 1.0.2 | 203.00 | 469.00 | 672.00 | OK | |
| r-patched-linux-x86_64 | 1.0.2 | 236.13 | 464.17 | 700.30 | OK | |
| r-release-linux-x86_64 | 1.0.2 | 226.33 | 467.85 | 694.18 | OK | |
| r-release-macos-arm64 | 1.0.2 | 88.00 | 166.00 | 254.00 | OK | |
| r-release-macos-x86_64 | 1.0.2 | 167.00 | 319.00 | 486.00 | OK | |
| r-release-windows-x86_64 | 1.0.2 | 196.00 | 474.00 | 670.00 | OK | |
| r-oldrel-macos-arm64 | 1.0.2 | 83.00 | 178.00 | 261.00 | NOTE | |
| r-oldrel-macos-x86_64 | 1.0.2 | 159.00 | 320.00 | 479.00 | NOTE | |
| r-oldrel-windows-x86_64 | 1.0.2 | 260.00 | 633.00 | 893.00 | NOTE |
Version: 1.0.2
Check: installed package size
Result: NOTE
installed size is 122.3Mb
sub-directories of 1Mb or more:
libs 120.7Mb
Flavors: r-oldrel-macos-arm64, r-oldrel-macos-x86_64, r-oldrel-windows-x86_64