Last updated on 2025-11-12 01:49:14 CET.
| Flavor | Version | Tinstall | Tcheck | Ttotal | Status | Flags |
|---|---|---|---|---|---|---|
| r-devel-linux-x86_64-debian-clang | 2.1.1 | 7.07 | 69.79 | 76.86 | NOTE | |
| r-devel-linux-x86_64-debian-gcc | 2.1.1 | 4.74 | 51.65 | 56.39 | NOTE | |
| r-devel-linux-x86_64-fedora-clang | 2.1.1 | 17.00 | 102.54 | 119.54 | NOTE | |
| r-devel-linux-x86_64-fedora-gcc | 2.1.1 | 21.00 | 110.95 | 131.95 | NOTE | |
| r-devel-windows-x86_64 | 2.1.1 | 8.00 | 77.00 | 85.00 | NOTE | |
| r-patched-linux-x86_64 | 2.1.1 | 5.33 | 65.88 | 71.21 | NOTE | |
| r-release-linux-x86_64 | 2.1.1 | 6.83 | 66.57 | 73.40 | NOTE | |
| r-release-macos-arm64 | 2.1.1 | 3.00 | 39.00 | 42.00 | NOTE | |
| r-release-macos-x86_64 | 2.1.1 | 5.00 | 61.00 | 66.00 | NOTE | |
| r-release-windows-x86_64 | 2.1.1 | 10.00 | 76.00 | 86.00 | NOTE | |
| r-oldrel-macos-arm64 | 2.1.1 | 3.00 | 33.00 | 36.00 | OK | |
| r-oldrel-macos-x86_64 | 2.1.1 | 4.00 | 48.00 | 52.00 | OK | |
| r-oldrel-windows-x86_64 | 2.1.1 | 11.00 | 96.00 | 107.00 | OK |
Version: 2.1.1
Check: DESCRIPTION meta-information
Result: NOTE
Missing dependency on R >= 4.1.0 because package code uses the pipe
|> or function shorthand \(...) syntax added in R 4.1.0.
File(s) using such syntax:
‘calc_distance.R’ ‘reason_dataleaks.R’ ‘viz_dataleaks.R’
Flavors: r-devel-linux-x86_64-debian-clang, r-devel-linux-x86_64-debian-gcc, r-devel-linux-x86_64-fedora-clang, r-devel-linux-x86_64-fedora-gcc, r-devel-windows-x86_64, r-patched-linux-x86_64, r-release-linux-x86_64, r-release-macos-arm64, r-release-macos-x86_64, r-release-windows-x86_64