CRAN Package Check Results for Package tracheideR

Last updated on 2025-11-12 01:49:14 CET.

Flavor Version Tinstall Tcheck Ttotal Status Flags
r-devel-linux-x86_64-debian-clang 0.1.1 2.24 26.50 28.74 NOTE
r-devel-linux-x86_64-debian-gcc 0.1.1 1.59 20.85 22.44 NOTE
r-devel-linux-x86_64-fedora-clang 0.1.1 43.17 OK
r-devel-linux-x86_64-fedora-gcc 0.1.1 40.37 OK
r-devel-windows-x86_64 0.1.1 3.00 50.00 53.00 OK
r-patched-linux-x86_64 0.1.1 2.24 24.97 27.21 OK
r-release-linux-x86_64 0.1.1 2.16 25.52 27.68 OK
r-release-macos-arm64 0.1.1 1.00 17.00 18.00 OK
r-release-macos-x86_64 0.1.1 2.00 28.00 30.00 OK
r-release-windows-x86_64 0.1.1 3.00 49.00 52.00 OK
r-oldrel-macos-arm64 0.1.1 1.00 18.00 19.00 OK
r-oldrel-macos-x86_64 0.1.1 2.00 24.00 26.00 OK
r-oldrel-windows-x86_64 0.1.1 4.00 53.00 57.00 OK

Check Details

Version: 0.1.1
Check: CRAN incoming feasibility
Result: NOTE Maintainer: ‘Filipe Campelo <fcampelo@uc.pt>’ No Authors@R field in DESCRIPTION. Please add one, modifying Authors@R: person(given = "Filipe", family = "Campelo", role = c("aut", "cre"), email = "fcampelo@uc.pt") as necessary. Flavors: r-devel-linux-x86_64-debian-clang, r-devel-linux-x86_64-debian-gcc