Last updated on 2025-11-12 01:49:14 CET.
| Flavor | Version | Tinstall | Tcheck | Ttotal | Status | Flags |
|---|---|---|---|---|---|---|
| r-devel-linux-x86_64-debian-clang | 0.1.1 | 6.31 | 63.57 | 69.88 | NOTE | |
| r-devel-linux-x86_64-debian-gcc | 0.1.1 | 4.84 | 46.33 | 51.17 | NOTE | |
| r-devel-linux-x86_64-fedora-clang | 0.1.1 | 14.00 | 96.29 | 110.29 | NOTE | |
| r-devel-linux-x86_64-fedora-gcc | 0.1.1 | 17.00 | 87.90 | 104.90 | NOTE | |
| r-devel-windows-x86_64 | 0.1.1 | 8.00 | 71.00 | 79.00 | OK | |
| r-patched-linux-x86_64 | 0.1.1 | 5.50 | 59.51 | 65.01 | OK | |
| r-release-linux-x86_64 | 0.1.1 | 6.25 | 59.29 | 65.54 | OK | |
| r-release-macos-arm64 | 0.1.1 | 3.00 | 27.00 | 30.00 | OK | |
| r-release-macos-x86_64 | 0.1.1 | 4.00 | 41.00 | 45.00 | OK | |
| r-release-windows-x86_64 | 0.1.1 | 9.00 | 71.00 | 80.00 | OK | |
| r-oldrel-macos-arm64 | 0.1.1 | 3.00 | 23.00 | 26.00 | OK | |
| r-oldrel-macos-x86_64 | 0.1.1 | 4.00 | 34.00 | 38.00 | OK | |
| r-oldrel-windows-x86_64 | 0.1.1 | 11.00 | 90.00 | 101.00 | OK |
Version: 0.1.1
Check: CRAN incoming feasibility
Result: NOTE
Maintainer: ‘Dahee Lee <dhlee99@gmail.com>’
No Authors@R field in DESCRIPTION.
Please add one, modifying
Authors@R: c(person(given = "Dahee",
family = "Lee",
role = c("aut", "cre"),
email = "dhlee99@gmail.com"),
person(given = "Dustin",
family = "Tingley",
role = "aut"))
as necessary.
Found the following \keyword or \concept entries
which likely give several index terms:
File ‘life_exp.Rd’:
\keyword{durPlot,}
\keyword{durSummary,}
Flavors: r-devel-linux-x86_64-debian-clang, r-devel-linux-x86_64-debian-gcc
Version: 0.1.1
Check: dependencies in R code
Result: NOTE
Namespace in Imports field not imported from: ‘base’
All declared Imports should be used.
Flavors: r-devel-linux-x86_64-fedora-clang, r-devel-linux-x86_64-fedora-gcc