Last updated on 2025-11-12 01:49:13 CET.
| Flavor | Version | Tinstall | Tcheck | Ttotal | Status | Flags |
|---|---|---|---|---|---|---|
| r-devel-linux-x86_64-debian-clang | 0.0.7.1 | 169.01 | 239.90 | 408.91 | OK | |
| r-devel-linux-x86_64-debian-gcc | 0.0.7.1 | 167.78 | 180.77 | 348.55 | OK | |
| r-devel-linux-x86_64-fedora-clang | 0.0.7.1 | 720.00 | -69.09 | 650.91 | NOTE | |
| r-devel-linux-x86_64-fedora-gcc | 0.0.7.1 | 474.00 | 245.23 | 719.23 | NOTE | |
| r-devel-windows-x86_64 | 0.0.7.1 | 190.00 | 246.00 | 436.00 | OK | |
| r-patched-linux-x86_64 | 0.0.7.1 | 184.01 | 246.33 | 430.34 | OK | |
| r-release-linux-x86_64 | 0.0.7.1 | 185.78 | 240.22 | 426.00 | OK | |
| r-release-macos-arm64 | 0.0.7.1 | 67.00 | 87.00 | 154.00 | OK | |
| r-release-macos-x86_64 | 0.0.7.1 | 150.00 | 157.00 | 307.00 | OK | |
| r-release-windows-x86_64 | 0.0.7.1 | 194.00 | 245.00 | 439.00 | OK | |
| r-oldrel-macos-arm64 | 0.0.7.1 | 36.00 | 53.00 | 89.00 | NOTE | |
| r-oldrel-macos-x86_64 | 0.0.7.1 | 69.00 | 90.00 | 159.00 | NOTE | |
| r-oldrel-windows-x86_64 | 0.0.7.1 | 218.00 | 318.00 | 536.00 | NOTE |
Version: 0.0.7.1
Check: dependencies in R code
Result: NOTE
Namespaces in Imports field not imported from:
‘RcppParallel’ ‘rstantools’
All declared Imports should be used.
Flavors: r-devel-linux-x86_64-fedora-clang, r-devel-linux-x86_64-fedora-gcc
Version: 0.0.7.1
Check: installed package size
Result: NOTE
installed size is 63.6Mb
sub-directories of 1Mb or more:
libs 63.1Mb
Flavors: r-oldrel-macos-arm64, r-oldrel-macos-x86_64
Version: 0.0.7.1
Check: for GNU extensions in Makefiles
Result: NOTE
GNU make is a SystemRequirements.
Flavors: r-oldrel-macos-arm64, r-oldrel-macos-x86_64, r-oldrel-windows-x86_64