Last updated on 2025-11-12 01:49:13 CET.
| Flavor | Version | Tinstall | Tcheck | Ttotal | Status | Flags |
|---|---|---|---|---|---|---|
| r-devel-linux-x86_64-debian-clang | 0.1 | 19.96 | 29.90 | 49.86 | NOTE | |
| r-devel-linux-x86_64-debian-gcc | 0.1 | 11.07 | 24.18 | 35.25 | NOTE | |
| r-devel-linux-x86_64-fedora-clang | 0.1 | 54.00 | 30.85 | 84.85 | NOTE | |
| r-devel-linux-x86_64-fedora-gcc | 0.1 | 48.00 | 27.40 | 75.40 | NOTE | |
| r-devel-windows-x86_64 | 0.1 | 25.00 | 62.00 | 87.00 | OK | |
| r-patched-linux-x86_64 | 0.1 | 16.97 | 29.02 | 45.99 | OK | |
| r-release-linux-x86_64 | 0.1 | 16.34 | 28.84 | 45.18 | OK | |
| r-release-macos-arm64 | 0.1 | 8.00 | 19.00 | 27.00 | OK | |
| r-release-macos-x86_64 | 0.1 | 11.00 | 29.00 | 40.00 | OK | |
| r-release-windows-x86_64 | 0.1 | 24.00 | 62.00 | 86.00 | OK | |
| r-oldrel-macos-arm64 | 0.1 | 8.00 | 19.00 | 27.00 | OK | |
| r-oldrel-macos-x86_64 | 0.1 | 15.00 | 32.00 | 47.00 | OK | |
| r-oldrel-windows-x86_64 | 0.1 | 29.00 | 76.00 | 105.00 | OK |
Version: 0.1
Check: CRAN incoming feasibility
Result: NOTE
Maintainer: ‘Xiang Zhou <xiang_zhou@fas.harvard.edu>’
Package CITATION file contains call(s) to old-style personList() or
as.personList(). Please use c() on person objects instead.
Package CITATION file contains call(s) to old-style citEntry(). Please
use bibentry() instead.
Flavors: r-devel-linux-x86_64-debian-clang, r-devel-linux-x86_64-debian-gcc
Version: 0.1
Check: compiled code
Result: NOTE
File ‘strat/libs/strat.so’:
Found no calls to: ‘R_registerRoutines’, ‘R_useDynamicSymbols’
It is good practice to register native routines and to disable symbol
search.
See ‘Writing portable packages’ in the ‘Writing R Extensions’ manual.
Flavors: r-devel-linux-x86_64-fedora-clang, r-devel-linux-x86_64-fedora-gcc