Last updated on 2025-11-12 01:49:13 CET.
| Flavor | Version | Tinstall | Tcheck | Ttotal | Status | Flags |
|---|---|---|---|---|---|---|
| r-devel-linux-x86_64-debian-clang | 0.5.1 | 19.25 | 37.20 | 56.45 | OK | |
| r-devel-linux-x86_64-debian-gcc | 0.5.1 | 12.86 | 28.35 | 41.21 | OK | |
| r-devel-linux-x86_64-fedora-clang | 0.5.1 | 61.00 | 31.35 | 92.35 | NOTE | |
| r-devel-linux-x86_64-fedora-gcc | 0.5.1 | 45.00 | 39.29 | 84.29 | NOTE | |
| r-devel-windows-x86_64 | 0.5.1 | 26.00 | 63.00 | 89.00 | OK | |
| r-patched-linux-x86_64 | 0.5.1 | 18.66 | 34.79 | 53.45 | OK | |
| r-release-linux-x86_64 | 0.5.1 | 19.19 | 34.28 | 53.47 | OK | |
| r-release-macos-arm64 | 0.5.1 | 8.00 | 19.00 | 27.00 | OK | |
| r-release-macos-x86_64 | 0.5.1 | 25.00 | 36.00 | 61.00 | OK | |
| r-release-windows-x86_64 | 0.5.1 | 26.00 | 63.00 | 89.00 | OK | |
| r-oldrel-macos-arm64 | 0.5.1 | 7.00 | 25.00 | 32.00 | NOTE | |
| r-oldrel-macos-x86_64 | 0.5.1 | 24.00 | 39.00 | 63.00 | NOTE | |
| r-oldrel-windows-x86_64 | 0.5.1 | 28.00 | 79.00 | 107.00 | NOTE |
Version: 0.5.1
Check: compiled code
Result: NOTE
File ‘stlplus/libs/stlplus.so’:
Found no calls to: ‘R_registerRoutines’, ‘R_useDynamicSymbols’
It is good practice to register native routines and to disable symbol
search.
See ‘Writing portable packages’ in the ‘Writing R Extensions’ manual.
Flavors: r-devel-linux-x86_64-fedora-clang, r-devel-linux-x86_64-fedora-gcc
Version: 0.5.1
Check: LazyData
Result: NOTE
'LazyData' is specified without a 'data' directory
Flavors: r-oldrel-macos-arm64, r-oldrel-macos-x86_64, r-oldrel-windows-x86_64