Last updated on 2025-11-12 01:49:13 CET.
| Flavor | Version | Tinstall | Tcheck | Ttotal | Status | Flags |
|---|---|---|---|---|---|---|
| r-devel-linux-x86_64-debian-clang | 0.7.1 | 15.99 | 162.72 | 178.71 | OK | |
| r-devel-linux-x86_64-debian-gcc | 0.7.1 | 11.63 | 116.56 | 128.19 | OK | |
| r-devel-linux-x86_64-fedora-clang | 0.7.1 | 29.00 | 233.14 | 262.14 | OK | |
| r-devel-linux-x86_64-fedora-gcc | 0.7.1 | 34.00 | 232.31 | 266.31 | OK | |
| r-devel-windows-x86_64 | 0.7.1 | 16.00 | 156.00 | 172.00 | OK | |
| r-patched-linux-x86_64 | 0.7.1 | 16.08 | 153.82 | 169.90 | OK | |
| r-release-linux-x86_64 | 0.7.1 | 15.10 | 153.89 | 168.99 | OK | |
| r-release-macos-arm64 | 0.7.1 | 8.00 | 71.00 | 79.00 | OK | |
| r-release-macos-x86_64 | 0.7.1 | 13.00 | 175.00 | 188.00 | OK | |
| r-release-windows-x86_64 | 0.7.1 | 19.00 | 157.00 | 176.00 | OK | |
| r-oldrel-macos-arm64 | 0.7.1 | 7.00 | 76.00 | 83.00 | NOTE | |
| r-oldrel-macos-x86_64 | 0.7.1 | 12.00 | 157.00 | 169.00 | NOTE | |
| r-oldrel-windows-x86_64 | 0.7.1 | 25.00 | 205.00 | 230.00 | NOTE |
Version: 0.7.1
Check: installed package size
Result: NOTE
installed size is 5.4Mb
sub-directories of 1Mb or more:
doc 2.0Mb
extdata 2.9Mb
Flavors: r-oldrel-macos-arm64, r-oldrel-macos-x86_64, r-oldrel-windows-x86_64