Last updated on 2025-11-12 01:49:12 CET.
| Flavor | Version | Tinstall | Tcheck | Ttotal | Status | Flags |
|---|---|---|---|---|---|---|
| r-devel-linux-x86_64-debian-clang | 0.1.1 | 5.94 | 51.53 | 57.47 | OK | |
| r-devel-linux-x86_64-debian-gcc | 0.1.1 | 4.70 | 37.33 | 42.03 | OK | |
| r-devel-linux-x86_64-fedora-clang | 0.1.1 | 18.00 | 73.16 | 91.16 | OK | |
| r-devel-linux-x86_64-fedora-gcc | 0.1.1 | 13.00 | 70.94 | 83.94 | OK | |
| r-devel-windows-x86_64 | 0.1.1 | 8.00 | 62.00 | 70.00 | OK | |
| r-patched-linux-x86_64 | 0.1.1 | 5.46 | 48.70 | 54.16 | OK | |
| r-release-linux-x86_64 | 0.1.1 | 5.97 | 48.15 | 54.12 | OK | |
| r-release-macos-arm64 | 0.1.1 | 3.00 | 25.00 | 28.00 | OK | |
| r-release-macos-x86_64 | 0.1.1 | 5.00 | 52.00 | 57.00 | OK | |
| r-release-windows-x86_64 | 0.1.1 | 7.00 | 61.00 | 68.00 | OK | |
| r-oldrel-macos-arm64 | 0.1.1 | 3.00 | 24.00 | 27.00 | NOTE | |
| r-oldrel-macos-x86_64 | 0.1.1 | 4.00 | 36.00 | 40.00 | NOTE | |
| r-oldrel-windows-x86_64 | 0.1.1 | 9.00 | 76.00 | 85.00 | NOTE |
Version: 0.1.1
Check: LazyData
Result: NOTE
'LazyData' is specified without a 'data' directory
Flavors: r-oldrel-macos-arm64, r-oldrel-macos-x86_64, r-oldrel-windows-x86_64