Last updated on 2025-11-12 01:49:12 CET.
| Flavor | Version | Tinstall | Tcheck | Ttotal | Status | Flags |
|---|---|---|---|---|---|---|
| r-devel-linux-x86_64-debian-clang | 0.9 | 11.63 | 122.08 | 133.71 | NOTE | |
| r-devel-linux-x86_64-debian-gcc | 0.9 | 10.87 | 94.12 | 104.99 | NOTE | |
| r-devel-linux-x86_64-fedora-clang | 0.9 | 25.00 | 189.92 | 214.92 | OK | |
| r-devel-linux-x86_64-fedora-gcc | 0.9 | 65.00 | 157.06 | 222.06 | OK | |
| r-devel-windows-x86_64 | 0.9 | 13.00 | 110.00 | 123.00 | OK | |
| r-patched-linux-x86_64 | 0.9 | 13.37 | 120.54 | 133.91 | OK | |
| r-release-linux-x86_64 | 0.9 | 12.16 | 120.61 | 132.77 | OK | |
| r-release-macos-arm64 | 0.9 | 20.00 | 125.00 | 145.00 | OK | |
| r-release-macos-x86_64 | 0.9 | 20.00 | 156.00 | 176.00 | OK | |
| r-release-windows-x86_64 | 0.9 | 13.00 | 111.00 | 124.00 | OK | |
| r-oldrel-macos-arm64 | 0.9 | 11.00 | 85.00 | 96.00 | OK | |
| r-oldrel-macos-x86_64 | 0.9 | 11.00 | 89.00 | 100.00 | OK | |
| r-oldrel-windows-x86_64 | 0.9 | 17.00 | 140.00 | 157.00 | OK |
Version: 0.9
Check: CRAN incoming feasibility
Result: NOTE
Maintainer: ‘Herman Jopia <hjopia@gmail.com>’
No Authors@R field in DESCRIPTION.
Please add one, modifying
Authors@R: person(given = "Herman",
family = "Jopia",
role = c("aut", "cre"),
email = "hjopia@gmail.com")
as necessary.
Flavors: r-devel-linux-x86_64-debian-clang, r-devel-linux-x86_64-debian-gcc