Last updated on 2025-11-12 01:49:11 CET.
| Flavor | Version | Tinstall | Tcheck | Ttotal | Status | Flags |
|---|---|---|---|---|---|---|
| r-devel-linux-x86_64-debian-clang | 0.3.1 | 1.96 | 52.40 | 54.36 | OK | |
| r-devel-linux-x86_64-debian-gcc | 0.3.1 | 1.54 | 40.00 | 41.54 | OK | |
| r-devel-linux-x86_64-fedora-clang | 0.3.1 | 80.30 | OK | |||
| r-devel-linux-x86_64-fedora-gcc | 0.3.1 | 12.00 | 87.21 | 99.21 | OK | |
| r-devel-windows-x86_64 | 0.3.1 | 4.00 | 69.00 | 73.00 | OK | |
| r-patched-linux-x86_64 | 0.3.1 | 2.14 | 47.48 | 49.62 | OK | |
| r-release-linux-x86_64 | 0.3.1 | 1.91 | 47.71 | 49.62 | OK | |
| r-release-macos-arm64 | 0.3.1 | 1.00 | 43.00 | 44.00 | OK | |
| r-release-macos-x86_64 | 0.3.1 | 2.00 | 81.00 | 83.00 | OK | |
| r-release-windows-x86_64 | 0.3.1 | 4.00 | 70.00 | 74.00 | OK | |
| r-oldrel-macos-arm64 | 0.3.1 | 1.00 | 35.00 | 36.00 | NOTE | |
| r-oldrel-macos-x86_64 | 0.3.1 | 2.00 | 49.00 | 51.00 | NOTE | |
| r-oldrel-windows-x86_64 | 0.3.1 | 4.00 | 83.00 | 87.00 | NOTE |
Version: 0.3.1
Check: LazyData
Result: NOTE
'LazyData' is specified without a 'data' directory
Flavors: r-oldrel-macos-arm64, r-oldrel-macos-x86_64, r-oldrel-windows-x86_64