Last updated on 2025-11-12 01:49:11 CET.
| Flavor | Version | Tinstall | Tcheck | Ttotal | Status | Flags |
|---|---|---|---|---|---|---|
| r-devel-linux-x86_64-debian-clang | 0.4.4 | 4.13 | 38.75 | 42.88 | OK | |
| r-devel-linux-x86_64-debian-gcc | 0.4.4 | 3.26 | 30.39 | 33.65 | OK | |
| r-devel-linux-x86_64-fedora-clang | 0.4.4 | 64.38 | OK | |||
| r-devel-linux-x86_64-fedora-gcc | 0.4.4 | 11.00 | 67.79 | 78.79 | OK | |
| r-devel-windows-x86_64 | 0.4.4 | 10.00 | 58.00 | 68.00 | OK | |
| r-patched-linux-x86_64 | 0.4.4 | 4.74 | 36.99 | 41.73 | OK | |
| r-release-linux-x86_64 | 0.4.4 | 3.39 | 37.39 | 40.78 | OK | |
| r-release-macos-arm64 | 0.4.4 | 3.00 | 59.00 | 62.00 | OK | |
| r-release-macos-x86_64 | 0.4.4 | 4.00 | 63.00 | 67.00 | OK | |
| r-release-windows-x86_64 | 0.4.4 | 11.00 | 57.00 | 68.00 | OK | |
| r-oldrel-macos-arm64 | 0.4.4 | 2.00 | 34.00 | 36.00 | NOTE | |
| r-oldrel-macos-x86_64 | 0.4.4 | 8.00 | 76.00 | 84.00 | NOTE | |
| r-oldrel-windows-x86_64 | 0.4.4 | 10.00 | 67.00 | 77.00 | NOTE |
Version: 0.4.4
Check: installed package size
Result: NOTE
installed size is 8.0Mb
sub-directories of 1Mb or more:
www 7.7Mb
Flavors: r-oldrel-macos-arm64, r-oldrel-macos-x86_64, r-oldrel-windows-x86_64