Last updated on 2025-11-12 01:49:11 CET.
| Flavor | Version | Tinstall | Tcheck | Ttotal | Status | Flags |
|---|---|---|---|---|---|---|
| r-devel-linux-x86_64-debian-clang | 0.8 | 6.77 | 66.29 | 73.06 | NOTE | |
| r-devel-linux-x86_64-debian-gcc | 0.8 | 4.69 | 47.04 | 51.73 | NOTE | |
| r-devel-linux-x86_64-fedora-clang | 0.8 | 13.00 | 100.75 | 113.75 | NOTE | |
| r-devel-linux-x86_64-fedora-gcc | 0.8 | 15.00 | 93.41 | 108.41 | NOTE | |
| r-devel-windows-x86_64 | 0.8 | 10.00 | 72.00 | 82.00 | OK | |
| r-patched-linux-x86_64 | 0.8 | 5.59 | 61.72 | 67.31 | OK | |
| r-release-linux-x86_64 | 0.8 | 5.71 | 62.45 | 68.16 | OK | |
| r-release-macos-arm64 | 0.8 | 2.00 | 26.00 | 28.00 | OK | |
| r-release-macos-x86_64 | 0.8 | 5.00 | 46.00 | 51.00 | OK | |
| r-release-windows-x86_64 | 0.8 | 10.00 | 71.00 | 81.00 | OK | |
| r-oldrel-macos-arm64 | 0.8 | 2.00 | 27.00 | 29.00 | OK | |
| r-oldrel-macos-x86_64 | 0.8 | 5.00 | 41.00 | 46.00 | OK | |
| r-oldrel-windows-x86_64 | 0.8 | 12.00 | 95.00 | 107.00 | OK |
Version: 0.8
Check: CRAN incoming feasibility
Result: NOTE
Maintainer: ‘Balasubramanian Narasimhan <naras@stat.stanford.edu>’
No Authors@R field in DESCRIPTION.
Please add one, modifying
Authors@R: person(given = "Balasubramanian",
family = "Narasimhan",
role = c("aut", "cre"),
email = "naras@stat.stanford.edu",
comment = "with input from Tze Lai and Mei-Chiung Shih")
as necessary.
Flavors: r-devel-linux-x86_64-debian-clang, r-devel-linux-x86_64-debian-gcc
Version: 0.8
Check: dependencies in R code
Result: NOTE
Namespace in Imports field not imported from: ‘rlang’
All declared Imports should be used.
Flavors: r-devel-linux-x86_64-fedora-clang, r-devel-linux-x86_64-fedora-gcc