CRAN Package Check Results for Package sendmailR

Last updated on 2025-11-12 01:49:11 CET.

Flavor Version Tinstall Tcheck Ttotal Status Flags
r-devel-linux-x86_64-debian-clang 1.4-0 1.85 26.71 28.56 NOTE
r-devel-linux-x86_64-debian-gcc 1.4-0 1.54 21.89 23.43 NOTE
r-devel-linux-x86_64-fedora-clang 1.4-0 40.61 NOTE
r-devel-linux-x86_64-fedora-gcc 1.4-0 53.45 NOTE
r-devel-windows-x86_64 1.4-0 4.00 45.00 49.00 NOTE
r-patched-linux-x86_64 1.4-0 2.09 23.86 25.95 NOTE
r-release-linux-x86_64 1.4-0 1.86 23.72 25.58 NOTE
r-release-macos-arm64 1.4-0 1.00 20.00 21.00 NOTE
r-release-macos-x86_64 1.4-0 2.00 40.00 42.00 NOTE
r-release-windows-x86_64 1.4-0 3.00 44.00 47.00 NOTE
r-oldrel-macos-arm64 1.4-0 1.00 25.00 26.00 NOTE
r-oldrel-macos-x86_64 1.4-0 1.00 33.00 34.00 NOTE
r-oldrel-windows-x86_64 1.4-0 3.00 50.00 53.00 NOTE

Check Details

Version: 1.4-0
Check: Rd files
Result: NOTE checkRd: (-1) sendmail_options.Rd:32-35: Lost braces in \itemize; meant \describe ? checkRd: (-1) sendmail_options.Rd:36-37: Lost braces in \itemize; meant \describe ? checkRd: (-1) sendmail_options.Rd:38-39: Lost braces in \itemize; meant \describe ? Flavors: r-devel-linux-x86_64-debian-clang, r-devel-linux-x86_64-debian-gcc, r-devel-linux-x86_64-fedora-clang, r-devel-linux-x86_64-fedora-gcc, r-devel-windows-x86_64, r-patched-linux-x86_64, r-release-linux-x86_64, r-release-macos-arm64, r-release-macos-x86_64, r-release-windows-x86_64, r-oldrel-macos-arm64, r-oldrel-macos-x86_64, r-oldrel-windows-x86_64