Last updated on 2025-11-12 01:49:10 CET.
| Flavor | Version | Tinstall | Tcheck | Ttotal | Status | Flags |
|---|---|---|---|---|---|---|
| r-devel-linux-x86_64-debian-clang | 2.10.0 | 59.41 | 353.57 | 412.98 | NOTE | |
| r-devel-linux-x86_64-debian-gcc | 2.10.0 | 40.42 | 232.71 | 273.13 | NOTE | |
| r-devel-linux-x86_64-fedora-clang | 2.10.0 | 145.00 | 529.71 | 674.71 | NOTE | |
| r-devel-linux-x86_64-fedora-gcc | 2.10.0 | 146.00 | 503.08 | 649.08 | NOTE | |
| r-devel-windows-x86_64 | 2.10.0 | 71.00 | 308.00 | 379.00 | NOTE | |
| r-patched-linux-x86_64 | 2.10.0 | 71.67 | 341.05 | 412.72 | OK | |
| r-release-linux-x86_64 | 2.10.0 | 65.33 | 346.28 | 411.61 | OK | |
| r-release-macos-arm64 | 2.10.0 | 28.00 | 130.00 | 158.00 | OK | |
| r-release-macos-x86_64 | 2.10.0 | 59.00 | 322.00 | 381.00 | OK | |
| r-release-windows-x86_64 | 2.10.0 | 71.00 | 303.00 | 374.00 | OK | |
| r-oldrel-macos-arm64 | 2.10.0 | 24.00 | 131.00 | 155.00 | OK | |
| r-oldrel-macos-x86_64 | 2.10.0 | 52.00 | 292.00 | 344.00 | OK | |
| r-oldrel-windows-x86_64 | 2.10.0 | 93.00 | 435.00 | 528.00 | OK |
Version: 2.10.0
Check: Rd files
Result: NOTE
checkRd: (-1) costing.Rd:36-43: Only 4 columns allowed in this table (row 1 has 3)
checkRd: (-1) costing.Rd:36-43: Only 4 columns allowed in this table (row 2 has 3)
checkRd: (-1) costing.Rd:36-43: Only 4 columns allowed in this table (row 3 has 3)
checkRd: (-1) costing.Rd:36-43: Only 4 columns allowed in this table (row 4 has 3)
checkRd: (-1) costing.Rd:36-43: Only 4 columns allowed in this table (row 5 has 3)
checkRd: (-1) costing.Rd:36-43: Only 4 columns allowed in this table (row 6 has 3)
checkRd: (-1) secrdesign-internal.Rd:43-55: Only 3 columns allowed in this table (row 1 has 2)
checkRd: (-1) secrdesign-internal.Rd:43-55: Only 3 columns allowed in this table (row 2 has 2)
checkRd: (-1) secrdesign-internal.Rd:43-55: Only 3 columns allowed in this table (row 3 has 2)
checkRd: (-1) secrdesign-internal.Rd:43-55: Only 3 columns allowed in this table (row 4 has 2)
checkRd: (-1) secrdesign-internal.Rd:43-55: Only 3 columns allowed in this table (row 5 has 2)
checkRd: (-1) secrdesign-internal.Rd:43-55: Only 3 columns allowed in this table (row 6 has 2)
checkRd: (-1) secrdesign-internal.Rd:43-55: Only 3 columns allowed in this table (row 7 has 2)
checkRd: (-1) secrdesign-internal.Rd:43-55: Only 3 columns allowed in this table (row 8 has 2)
checkRd: (-1) secrdesign-internal.Rd:43-55: Only 3 columns allowed in this table (row 9 has 2)
checkRd: (-1) secrdesign-internal.Rd:43-55: Only 3 columns allowed in this table (row 10 has 2)
checkRd: (-1) secrdesign-internal.Rd:43-55: Only 3 columns allowed in this table (row 11 has 2)
checkRd: (-1) secrdesign-package.Rd:53-63: Only 2 columns allowed in this table (row 9 has 1)
Flavors: r-devel-linux-x86_64-debian-clang, r-devel-linux-x86_64-debian-gcc, r-devel-linux-x86_64-fedora-clang, r-devel-linux-x86_64-fedora-gcc, r-devel-windows-x86_64