Last updated on 2025-11-12 01:49:10 CET.
| Flavor | Version | Tinstall | Tcheck | Ttotal | Status | Flags |
|---|---|---|---|---|---|---|
| r-devel-linux-x86_64-debian-clang | 1.0-0 | 9.38 | 81.30 | 90.68 | NOTE | |
| r-devel-linux-x86_64-debian-gcc | 1.0-0 | 6.45 | 57.11 | 63.56 | NOTE | |
| r-devel-linux-x86_64-fedora-clang | 1.0-0 | 44.00 | 104.47 | 148.47 | NOTE | |
| r-devel-linux-x86_64-fedora-gcc | 1.0-0 | 20.00 | 112.39 | 132.39 | NOTE | |
| r-devel-windows-x86_64 | 1.0-0 | 12.00 | 88.00 | 100.00 | NOTE | |
| r-patched-linux-x86_64 | 1.0-0 | 9.84 | 77.01 | 86.85 | NOTE | |
| r-release-linux-x86_64 | 1.0-0 | 8.95 | 77.25 | 86.20 | NOTE | |
| r-release-macos-arm64 | 1.0-0 | 4.00 | 34.00 | 38.00 | NOTE | |
| r-release-macos-x86_64 | 1.0-0 | 13.00 | 79.00 | 92.00 | NOTE | |
| r-release-windows-x86_64 | 1.0-0 | 12.00 | 90.00 | 102.00 | NOTE | |
| r-oldrel-macos-arm64 | 1.0-0 | 4.00 | 34.00 | 38.00 | NOTE | |
| r-oldrel-macos-x86_64 | 1.0-0 | 6.00 | 51.00 | 57.00 | NOTE | |
| r-oldrel-windows-x86_64 | 1.0-0 | 15.00 | 110.00 | 125.00 | NOTE |
Version: 1.0-0
Check: Rd files
Result: NOTE
checkRd: (-1) hyperpar.Rd:17: Lost braces
17 | \item{c}{denotes the expected range of eqn{f} .}
| ^
Flavors: r-devel-linux-x86_64-debian-clang, r-devel-linux-x86_64-debian-gcc, r-devel-linux-x86_64-fedora-clang, r-devel-linux-x86_64-fedora-gcc, r-devel-windows-x86_64, r-patched-linux-x86_64, r-release-linux-x86_64, r-release-macos-arm64, r-release-macos-x86_64, r-release-windows-x86_64, r-oldrel-macos-arm64, r-oldrel-macos-x86_64, r-oldrel-windows-x86_64
Version: 1.0-0
Check: LazyData
Result: NOTE
'LazyData' is specified without a 'data' directory
Flavors: r-oldrel-macos-arm64, r-oldrel-macos-x86_64, r-oldrel-windows-x86_64