Last updated on 2025-11-12 01:49:10 CET.
| Flavor | Version | Tinstall | Tcheck | Ttotal | Status | Flags |
|---|---|---|---|---|---|---|
| r-devel-linux-x86_64-debian-clang | 0.0.2 | 159.85 | 56.51 | 216.36 | OK | |
| r-devel-linux-x86_64-debian-gcc | 0.0.2 | 132.06 | 57.16 | 189.22 | OK | |
| r-devel-linux-x86_64-fedora-clang | 0.0.2 | 185.00 | 172.71 | 357.71 | OK | |
| r-devel-linux-x86_64-fedora-gcc | 0.0.2 | 200.00 | 219.25 | 419.25 | OK | |
| r-devel-windows-x86_64 | 0.0.2 | 163.00 | 98.00 | 261.00 | OK | |
| r-patched-linux-x86_64 | 0.0.2 | 186.41 | 73.22 | 259.63 | OK | |
| r-release-linux-x86_64 | 0.0.2 | 188.02 | 72.91 | 260.93 | OK | |
| r-release-macos-arm64 | 0.0.2 | 69.00 | 30.00 | 99.00 | OK | |
| r-release-macos-x86_64 | 0.0.2 | 74.00 | 61.00 | 135.00 | OK | |
| r-release-windows-x86_64 | 0.0.2 | 164.00 | 102.00 | 266.00 | OK | |
| r-oldrel-macos-arm64 | 0.0.2 | 66.00 | 28.00 | 94.00 | NOTE | |
| r-oldrel-macos-x86_64 | 0.0.2 | 72.00 | 39.00 | 111.00 | NOTE | |
| r-oldrel-windows-x86_64 | 0.0.2 | 198.00 | 120.00 | 318.00 | OK |
Version: 0.0.2
Check: installed package size
Result: NOTE
installed size is 53.6Mb
sub-directories of 1Mb or more:
libs 53.5Mb
Flavors: r-oldrel-macos-arm64, r-oldrel-macos-x86_64