Last updated on 2025-11-12 01:49:10 CET.
| Flavor | Version | Tinstall | Tcheck | Ttotal | Status | Flags |
|---|---|---|---|---|---|---|
| r-devel-linux-x86_64-debian-clang | 2.32.7 | 182.70 | 198.61 | 381.31 | OK | |
| r-devel-linux-x86_64-debian-gcc | 2.32.7 | 144.46 | 155.90 | 300.36 | OK | |
| r-devel-linux-x86_64-fedora-clang | 2.32.7 | 400.00 | 231.45 | 631.45 | OK | |
| r-devel-linux-x86_64-fedora-gcc | 2.32.7 | 1200.00 | 327.64 | 1527.64 | OK | |
| r-devel-windows-x86_64 | 2.32.7 | 239.00 | 222.00 | 461.00 | OK | |
| r-patched-linux-x86_64 | 2.32.7 | 205.35 | 210.41 | 415.76 | OK | |
| r-release-linux-x86_64 | 2.32.7 | 206.04 | 210.42 | 416.46 | OK | |
| r-release-macos-arm64 | 2.32.7 | 70.00 | 229.00 | 299.00 | OK | |
| r-release-macos-x86_64 | 2.32.7 | 101.00 | 878.00 | 979.00 | OK | |
| r-release-windows-x86_64 | 2.32.7 | 232.00 | 217.00 | 449.00 | OK | |
| r-oldrel-macos-arm64 | 2.32.7 | 59.00 | 164.00 | 223.00 | NOTE | |
| r-oldrel-macos-x86_64 | 2.32.7 | 95.00 | 300.00 | 395.00 | NOTE | |
| r-oldrel-windows-x86_64 | 2.32.7 | 263.00 | 274.00 | 537.00 | NOTE |
Version: 2.32.7
Check: installed package size
Result: NOTE
installed size is 49.5Mb
sub-directories of 1Mb or more:
exec 1.7Mb
lib 34.2Mb
libs 11.7Mb
Flavors: r-oldrel-macos-arm64, r-oldrel-macos-x86_64, r-oldrel-windows-x86_64
Version: 2.32.7
Check: for GNU extensions in Makefiles
Result: NOTE
GNU make is a SystemRequirements.
Flavors: r-oldrel-macos-arm64, r-oldrel-macos-x86_64, r-oldrel-windows-x86_64