CRAN Package Check Results for Package rscontract

Last updated on 2025-11-12 01:49:09 CET.

Flavor Version Tinstall Tcheck Ttotal Status Flags
r-devel-linux-x86_64-debian-clang 0.1.2 1.78 21.99 23.77 OK
r-devel-linux-x86_64-debian-gcc 0.1.2 1.45 17.85 19.30 OK
r-devel-linux-x86_64-fedora-clang 0.1.2 32.63 OK
r-devel-linux-x86_64-fedora-gcc 0.1.2 33.96 OK
r-devel-windows-x86_64 0.1.2 3.00 39.00 42.00 OK
r-patched-linux-x86_64 0.1.2 1.54 19.50 21.04 OK
r-release-linux-x86_64 0.1.2 1.76 19.48 21.24 OK
r-release-macos-arm64 0.1.2 1.00 15.00 16.00 OK
r-release-macos-x86_64 0.1.2 2.00 23.00 25.00 OK
r-release-windows-x86_64 0.1.2 5.00 38.00 43.00 OK
r-oldrel-macos-arm64 0.1.2 1.00 20.00 21.00 NOTE
r-oldrel-macos-x86_64 0.1.2 2.00 20.00 22.00 NOTE
r-oldrel-windows-x86_64 0.1.2 3.00 44.00 47.00 NOTE

Check Details

Version: 0.1.2
Check: LazyData
Result: NOTE 'LazyData' is specified without a 'data' directory Flavors: r-oldrel-macos-arm64, r-oldrel-macos-x86_64, r-oldrel-windows-x86_64