CRAN Package Check Results for Package rreg

Last updated on 2025-11-12 01:49:09 CET.

Flavor Version Tinstall Tcheck Ttotal Status Flags
r-devel-linux-x86_64-debian-clang 0.2.1 5.78 67.93 73.71 NOTE
r-devel-linux-x86_64-debian-gcc 0.2.1 4.14 47.11 51.25 NOTE
r-devel-linux-x86_64-fedora-clang 0.2.1 13.00 97.80 110.80 NOTE
r-devel-linux-x86_64-fedora-gcc 0.2.1 42.00 78.89 120.89 NOTE
r-devel-windows-x86_64 0.2.1 7.00 76.00 83.00 NOTE
r-patched-linux-x86_64 0.2.1 5.18 63.59 68.77 NOTE
r-release-linux-x86_64 0.2.1 5.41 63.13 68.54 NOTE
r-release-macos-arm64 0.2.1 2.00 23.00 25.00 NOTE
r-release-macos-x86_64 0.2.1 4.00 42.00 46.00 NOTE
r-release-windows-x86_64 0.2.1 7.00 75.00 82.00 NOTE
r-oldrel-macos-arm64 0.2.1 3.00 25.00 28.00 NOTE
r-oldrel-macos-x86_64 0.2.1 4.00 36.00 40.00 NOTE
r-oldrel-windows-x86_64 0.2.1 10.00 94.00 104.00 NOTE

Check Details

Version: 0.2.1
Check: Rd files
Result: NOTE checkRd: (-1) regrad.Rd:46: Lost braces; missing escapes or markup? 46 | \item \code{x-axis} {1st column: The names of the different institutions} | ^ checkRd: (-1) regrad.Rd:47: Lost braces; missing escapes or markup? 47 | \item \code{y-axis} {2nd column: The value to show completeness} | ^ Flavors: r-devel-linux-x86_64-debian-clang, r-devel-linux-x86_64-debian-gcc, r-devel-linux-x86_64-fedora-clang, r-devel-linux-x86_64-fedora-gcc, r-devel-windows-x86_64, r-patched-linux-x86_64, r-release-linux-x86_64, r-release-macos-arm64, r-release-macos-x86_64, r-release-windows-x86_64, r-oldrel-macos-arm64, r-oldrel-macos-x86_64, r-oldrel-windows-x86_64