CRAN Package Check Results for Package rocc

Last updated on 2025-11-12 01:49:09 CET.

Flavor Version Tinstall Tcheck Ttotal Status Flags
r-devel-linux-x86_64-debian-clang 1.3 2.14 31.61 33.75 NOTE
r-devel-linux-x86_64-debian-gcc 1.3 1.69 22.75 24.44 NOTE
r-devel-linux-x86_64-fedora-clang 1.3 50.84 OK
r-devel-linux-x86_64-fedora-gcc 1.3 10.00 42.99 52.99 OK
r-devel-windows-x86_64 1.3 3.00 47.00 50.00 OK
r-patched-linux-x86_64 1.3 2.40 29.88 32.28 OK
r-release-linux-x86_64 1.3 2.28 29.48 31.76 OK
r-release-macos-arm64 1.3 2.00 18.00 20.00 OK
r-release-macos-x86_64 1.3 2.00 30.00 32.00 OK
r-release-windows-x86_64 1.3 3.00 47.00 50.00 OK
r-oldrel-macos-arm64 1.3 1.00 17.00 18.00 OK
r-oldrel-macos-x86_64 1.3 2.00 24.00 26.00 OK
r-oldrel-windows-x86_64 1.3 5.00 58.00 63.00 OK

Check Details

Version: 1.3
Check: CRAN incoming feasibility
Result: NOTE Maintainer: ‘Martin Lauss <martin.lauss@med.lu.se>’ No Authors@R field in DESCRIPTION. Please add one, modifying Authors@R: person(given = "Martin", family = "Lauss", role = c("aut", "cre"), email = "martin.lauss@med.lu.se") as necessary. Flavors: r-devel-linux-x86_64-debian-clang, r-devel-linux-x86_64-debian-gcc