Last updated on 2025-11-12 01:49:09 CET.
| Flavor | Version | Tinstall | Tcheck | Ttotal | Status | Flags |
|---|---|---|---|---|---|---|
| r-devel-linux-x86_64-debian-clang | 1.8.2 | 88.36 | 33.69 | 122.05 | OK | |
| r-devel-linux-x86_64-debian-gcc | 1.8.2 | 78.66 | 26.18 | 104.84 | OK | |
| r-devel-linux-x86_64-fedora-clang | 1.8.2 | 180.00 | 55.71 | 235.71 | OK | |
| r-devel-linux-x86_64-fedora-gcc | 1.8.2 | 203.00 | 49.16 | 252.16 | OK | |
| r-devel-windows-x86_64 | 1.8.2 | 148.00 | 84.00 | 232.00 | OK | |
| r-patched-linux-x86_64 | 1.8.2 | 107.15 | 30.41 | 137.56 | OK | |
| r-release-linux-x86_64 | 1.8.2 | 103.07 | 30.70 | 133.77 | OK | |
| r-release-macos-arm64 | 1.8.2 | 38.00 | 34.00 | 72.00 | OK | |
| r-release-macos-x86_64 | 1.8.2 | 37.00 | 55.00 | 92.00 | OK | |
| r-release-windows-x86_64 | 1.8.2 | 157.00 | 84.00 | 241.00 | OK | |
| r-oldrel-macos-arm64 | 1.8.2 | 39.00 | 32.00 | 71.00 | NOTE | |
| r-oldrel-macos-x86_64 | 1.8.2 | 20.00 | 32.00 | 52.00 | NOTE | |
| r-oldrel-windows-x86_64 | 1.8.2 | 157.00 | 108.00 | 265.00 | OK |
Version: 1.8.2
Check: installed package size
Result: NOTE
installed size is 9.3Mb
sub-directories of 1Mb or more:
libs 8.8Mb
Flavors: r-oldrel-macos-arm64, r-oldrel-macos-x86_64