Last updated on 2025-11-12 01:49:09 CET.
| Flavor | Version | Tinstall | Tcheck | Ttotal | Status | Flags |
|---|---|---|---|---|---|---|
| r-devel-linux-x86_64-debian-clang | 0.1.0 | 4.53 | 44.24 | 48.77 | NOTE | |
| r-devel-linux-x86_64-debian-gcc | 0.1.0 | 2.82 | 32.45 | 35.27 | NOTE | |
| r-devel-linux-x86_64-fedora-clang | 0.1.0 | 67.85 | OK | |||
| r-devel-linux-x86_64-fedora-gcc | 0.1.0 | 66.80 | OK | |||
| r-devel-windows-x86_64 | 0.1.0 | 7.00 | 58.00 | 65.00 | OK | |
| r-patched-linux-x86_64 | 0.1.0 | 4.24 | 39.11 | 43.35 | OK | |
| r-release-linux-x86_64 | 0.1.0 | 3.84 | 39.40 | 43.24 | OK | |
| r-release-macos-arm64 | 0.1.0 | 2.00 | 21.00 | 23.00 | OK | |
| r-release-macos-x86_64 | 0.1.0 | 4.00 | 37.00 | 41.00 | OK | |
| r-release-windows-x86_64 | 0.1.0 | 7.00 | 56.00 | 63.00 | OK | |
| r-oldrel-macos-arm64 | 0.1.0 | 2.00 | 21.00 | 23.00 | NOTE | |
| r-oldrel-macos-x86_64 | 0.1.0 | 4.00 | 31.00 | 35.00 | NOTE | |
| r-oldrel-windows-x86_64 | 0.1.0 | 9.00 | 68.00 | 77.00 | NOTE |
Version: 0.1.0
Check: CRAN incoming feasibility
Result: NOTE
Maintainer: ‘Alberto Almuiña <albertogonzalezalmuinha@gmail.com>’
No Authors@R field in DESCRIPTION.
Please add one, modifying
Authors@R: person(given = "Alberto",
family = "Almuiña",
role = c("aut", "cre"),
email = "albertogonzalezalmuinha@gmail.com")
as necessary.
Flavors: r-devel-linux-x86_64-debian-clang, r-devel-linux-x86_64-debian-gcc
Version: 0.1.0
Check: LazyData
Result: NOTE
'LazyData' is specified without a 'data' directory
Flavors: r-oldrel-macos-arm64, r-oldrel-macos-x86_64, r-oldrel-windows-x86_64