Last updated on 2025-11-12 01:49:09 CET.
| Flavor | Version | Tinstall | Tcheck | Ttotal | Status | Flags |
|---|---|---|---|---|---|---|
| r-devel-linux-x86_64-debian-clang | 1.0.0 | 21.26 | 177.72 | 198.98 | NOTE | |
| r-devel-linux-x86_64-debian-gcc | 2.0.0 | 15.29 | 129.03 | 144.32 | OK | |
| r-devel-linux-x86_64-fedora-clang | 2.0.0 | 114.00 | 204.29 | 318.29 | OK | |
| r-devel-linux-x86_64-fedora-gcc | 2.0.0 | 115.00 | 185.12 | 300.12 | OK | |
| r-devel-windows-x86_64 | 1.0.0 | 24.00 | 165.00 | 189.00 | NOTE | |
| r-patched-linux-x86_64 | 1.0.0 | 20.09 | 167.17 | 187.26 | OK | |
| r-release-linux-x86_64 | 1.0.0 | 20.71 | 169.05 | 189.76 | OK | |
| r-release-macos-arm64 | 2.0.0 | 9.00 | 61.00 | 70.00 | OK | |
| r-release-macos-x86_64 | 2.0.0 | 23.00 | 146.00 | 169.00 | OK | |
| r-release-windows-x86_64 | 1.0.0 | 23.00 | 168.00 | 191.00 | OK | |
| r-oldrel-macos-arm64 | 2.0.0 | 10.00 | 67.00 | 77.00 | OK | |
| r-oldrel-macos-x86_64 | 2.0.0 | 24.00 | 152.00 | 176.00 | OK | |
| r-oldrel-windows-x86_64 | 1.0.0 | 33.00 | 214.00 | 247.00 | OK |
Version: 1.0.0
Check: Rd files
Result: NOTE
checkRd: (-1) f_boxcox.Rd:76-87: Only 2 columns allowed in this table (row 4 has 1)
checkRd: (-1) f_boxcox.Rd:76-87: Only 2 columns allowed in this table (row 6 has 1)
checkRd: (-1) f_boxcox.Rd:76-87: Only 2 columns allowed in this table (row 8 has 1)
checkRd: (-1) f_boxcox.Rd:76-87: Only 2 columns allowed in this table (row 10 has 1)
checkRd: (-1) f_boxcox.Rd:76-87: Only 2 columns allowed in this table (row 12 has 1)
checkRd: (-1) f_boxcox.Rd:76-87: Only 2 columns allowed in this table (row 14 has 1)
Flavors: r-devel-linux-x86_64-debian-clang, r-devel-windows-x86_64