Last updated on 2025-11-12 01:49:08 CET.
| Flavor | Version | Tinstall | Tcheck | Ttotal | Status | Flags |
|---|---|---|---|---|---|---|
| r-devel-linux-x86_64-debian-clang | 1.1.5 | 5.86 | 61.80 | 67.66 | NOTE | |
| r-devel-linux-x86_64-debian-gcc | 1.1.5 | 4.13 | 42.93 | 47.06 | NOTE | |
| r-devel-linux-x86_64-fedora-clang | 1.1.5 | 12.00 | 96.24 | 108.24 | OK | |
| r-devel-linux-x86_64-fedora-gcc | 1.1.5 | 14.00 | 95.75 | 109.75 | OK | |
| r-devel-windows-x86_64 | 1.1.5 | 6.00 | 79.00 | 85.00 | OK | |
| r-patched-linux-x86_64 | 1.1.5 | 6.38 | 57.88 | 64.26 | OK | |
| r-release-linux-x86_64 | 1.1.5 | 5.78 | 57.93 | 63.71 | OK | |
| r-release-macos-arm64 | 1.1.5 | 2.00 | 26.00 | 28.00 | OK | |
| r-release-macos-x86_64 | 1.1.5 | 6.00 | 51.00 | 57.00 | OK | |
| r-release-windows-x86_64 | 1.1.5 | 6.00 | 80.00 | 86.00 | OK | |
| r-oldrel-macos-arm64 | 1.1.5 | 2.00 | 25.00 | 27.00 | OK | |
| r-oldrel-macos-x86_64 | 1.1.5 | 4.00 | 43.00 | 47.00 | OK | |
| r-oldrel-windows-x86_64 | 1.1.5 | 8.00 | 94.00 | 102.00 | OK |
Version: 1.1.5
Check: CRAN incoming feasibility
Result: NOTE
Maintainer: ‘Sean Turner <swd.turner@gmail.com>’
Package CITATION file contains call(s) to old-style citEntry(). Please
use bibentry() instead.
Flavors: r-devel-linux-x86_64-debian-clang, r-devel-linux-x86_64-debian-gcc