Last updated on 2025-11-12 01:49:08 CET.
| Flavor | Version | Tinstall | Tcheck | Ttotal | Status | Flags |
|---|---|---|---|---|---|---|
| r-devel-linux-x86_64-debian-clang | 0.1.0 | 10.92 | 61.45 | 72.37 | NOTE | |
| r-devel-linux-x86_64-debian-gcc | 0.1.0 | 6.00 | 45.17 | 51.17 | NOTE | |
| r-devel-linux-x86_64-fedora-clang | 0.1.0 | 23.00 | 84.94 | 107.94 | OK | |
| r-devel-linux-x86_64-fedora-gcc | 0.1.0 | 55.00 | 54.38 | 109.38 | OK | |
| r-devel-windows-x86_64 | 0.1.0 | 13.00 | 73.00 | 86.00 | OK | |
| r-patched-linux-x86_64 | 0.1.0 | 10.01 | 56.25 | 66.26 | OK | |
| r-release-linux-x86_64 | 0.1.0 | 9.17 | 56.36 | 65.53 | OK | |
| r-release-macos-arm64 | 0.1.0 | 3.00 | 23.00 | 26.00 | OK | |
| r-release-macos-x86_64 | 0.1.0 | 8.00 | 43.00 | 51.00 | OK | |
| r-release-windows-x86_64 | 0.1.0 | 11.00 | 70.00 | 81.00 | OK | |
| r-oldrel-macos-arm64 | 0.1.0 | 4.00 | 22.00 | 26.00 | NOTE | |
| r-oldrel-macos-x86_64 | 0.1.0 | 5.00 | 33.00 | 38.00 | NOTE | |
| r-oldrel-windows-x86_64 | 0.1.0 | 15.00 | 88.00 | 103.00 | NOTE |
Version: 0.1.0
Check: CRAN incoming feasibility
Result: NOTE
Maintainer: ‘Arnaud Buzzi <arnaud.buzzi@sia-partners.com>’
No Authors@R field in DESCRIPTION.
Please add one, modifying
Authors@R: person(given = "Arnaud",
family = "Buzzi",
role = c("aut", "cre"),
email = "arnaud.buzzi@sia-partners.com")
as necessary.
Flavors: r-devel-linux-x86_64-debian-clang, r-devel-linux-x86_64-debian-gcc
Version: 0.1.0
Check: LazyData
Result: NOTE
'LazyData' is specified without a 'data' directory
Flavors: r-oldrel-macos-arm64, r-oldrel-macos-x86_64, r-oldrel-windows-x86_64