Last updated on 2025-11-12 01:49:08 CET.
| Flavor | Version | Tinstall | Tcheck | Ttotal | Status | Flags |
|---|---|---|---|---|---|---|
| r-devel-linux-x86_64-debian-clang | 0.0.3 | 47.74 | 45.63 | 93.37 | NOTE | |
| r-devel-linux-x86_64-debian-gcc | 0.0.3 | 41.62 | 36.81 | 78.43 | NOTE | |
| r-devel-linux-x86_64-fedora-clang | 0.0.3 | 115.00 | 56.34 | 171.34 | OK | |
| r-devel-linux-x86_64-fedora-gcc | 0.0.3 | 121.00 | 59.15 | 180.15 | OK | |
| r-devel-windows-x86_64 | 0.0.3 | 64.00 | 75.00 | 139.00 | OK | |
| r-patched-linux-x86_64 | 0.0.3 | 56.70 | 45.99 | 102.69 | OK | |
| r-release-linux-x86_64 | 0.0.3 | 56.68 | 45.08 | 101.76 | OK | |
| r-release-macos-arm64 | 0.0.3 | 23.00 | 25.00 | 48.00 | OK | |
| r-release-macos-x86_64 | 0.0.3 | 28.00 | 40.00 | 68.00 | OK | |
| r-release-windows-x86_64 | 0.0.3 | 66.00 | 81.00 | 147.00 | OK | |
| r-oldrel-macos-arm64 | 0.0.3 | 22.00 | 25.00 | 47.00 | NOTE | |
| r-oldrel-macos-x86_64 | 0.0.3 | 22.00 | 34.00 | 56.00 | NOTE | |
| r-oldrel-windows-x86_64 | 0.0.3 | 81.00 | 100.00 | 181.00 | OK |
Version: 0.0.3
Check: CRAN incoming feasibility
Result: NOTE
Maintainer: ‘Johann Gaebler <me@jgaeb.com>’
The Description field contains
Disparate Impact" Jung et al. (2024) <arXiv:1809.05651>.
Please refer to arXiv e-prints via their arXiv DOI <doi:10.48550/arXiv.YYMM.NNNNN>.
Flavors: r-devel-linux-x86_64-debian-clang, r-devel-linux-x86_64-debian-gcc
Version: 0.0.3
Check: installed package size
Result: NOTE
installed size is 8.9Mb
sub-directories of 1Mb or more:
libs 8.7Mb
Flavors: r-oldrel-macos-arm64, r-oldrel-macos-x86_64