Last updated on 2025-11-12 01:49:09 CET.
| Flavor | Version | Tinstall | Tcheck | Ttotal | Status | Flags |
|---|---|---|---|---|---|---|
| r-devel-linux-x86_64-debian-clang | 0.1.0 | 27.11 | 26.00 | 53.11 | OK | |
| r-devel-linux-x86_64-debian-gcc | 0.1.0 | 18.79 | 22.27 | 41.06 | OK | |
| r-devel-linux-x86_64-fedora-clang | 0.1.0 | 44.00 | 42.42 | 86.42 | NOTE | |
| r-devel-linux-x86_64-fedora-gcc | 0.1.0 | 79.00 | 11.73 | 90.73 | NOTE | |
| r-devel-windows-x86_64 | 0.1.0 | 30.00 | 58.00 | 88.00 | OK | |
| r-patched-linux-x86_64 | 0.1.0 | 24.66 | 26.39 | 51.05 | OK | |
| r-release-linux-x86_64 | 0.1.0 | 23.80 | 26.31 | 50.11 | OK | |
| r-release-macos-arm64 | 0.1.0 | 11.00 | 16.00 | 27.00 | OK | |
| r-release-macos-x86_64 | 0.1.0 | 24.00 | 29.00 | 53.00 | OK | |
| r-release-windows-x86_64 | 0.1.0 | 30.00 | 61.00 | 91.00 | OK | |
| r-oldrel-macos-arm64 | 0.1.0 | 10.00 | 16.00 | 26.00 | NOTE | |
| r-oldrel-macos-x86_64 | 0.1.0 | 20.00 | 26.00 | 46.00 | NOTE | |
| r-oldrel-windows-x86_64 | 0.1.0 | 35.00 | 71.00 | 106.00 | NOTE |
Version: 0.1.0
Check: compiled code
Result: NOTE
File ‘rIsing/libs/rIsing.so’:
Found no calls to: ‘R_registerRoutines’, ‘R_useDynamicSymbols’
It is good practice to register native routines and to disable symbol
search.
See ‘Writing portable packages’ in the ‘Writing R Extensions’ manual.
Flavors: r-devel-linux-x86_64-fedora-clang, r-devel-linux-x86_64-fedora-gcc
Version: 0.1.0
Check: installed package size
Result: NOTE
installed size is 13.1Mb
sub-directories of 1Mb or more:
libs 13.0Mb
Flavors: r-oldrel-macos-arm64, r-oldrel-macos-x86_64
Version: 0.1.0
Check: LazyData
Result: NOTE
'LazyData' is specified without a 'data' directory
Flavors: r-oldrel-macos-arm64, r-oldrel-macos-x86_64, r-oldrel-windows-x86_64