Last updated on 2025-11-12 01:49:07 CET.
| Flavor | Version | Tinstall | Tcheck | Ttotal | Status | Flags |
|---|---|---|---|---|---|---|
| r-devel-linux-x86_64-debian-clang | 2.3.0 | 6.66 | 87.14 | 93.80 | OK | |
| r-devel-linux-x86_64-debian-gcc | 2.3.0 | 5.03 | 63.96 | 68.99 | OK | |
| r-devel-linux-x86_64-fedora-clang | 2.3.0 | 14.00 | 153.72 | 167.72 | OK | |
| r-devel-linux-x86_64-fedora-gcc | 2.3.0 | 25.00 | 131.94 | 156.94 | OK | |
| r-devel-windows-x86_64 | 2.3.0 | 12.00 | 119.00 | 131.00 | OK | |
| r-patched-linux-x86_64 | 2.3.0 | 9.84 | 83.57 | 93.41 | OK | |
| r-release-linux-x86_64 | 2.3.0 | 5.96 | 82.88 | 88.84 | OK | |
| r-release-macos-arm64 | 2.3.0 | 3.00 | 51.00 | 54.00 | OK | |
| r-release-macos-x86_64 | 2.3.0 | 7.00 | 104.00 | 111.00 | OK | |
| r-release-windows-x86_64 | 2.3.0 | 10.00 | 115.00 | 125.00 | OK | |
| r-oldrel-macos-arm64 | 2.3.0 | 3.00 | 62.00 | 65.00 | NOTE | |
| r-oldrel-macos-x86_64 | 2.3.0 | 6.00 | 111.00 | 117.00 | NOTE | |
| r-oldrel-windows-x86_64 | 2.3.0 | 13.00 | 131.00 | 144.00 | NOTE |
Version: 2.3.0
Check: installed package size
Result: NOTE
installed size is 6.6Mb
sub-directories of 1Mb or more:
doc 2.1Mb
extdata 3.9Mb
Flavors: r-oldrel-macos-arm64, r-oldrel-macos-x86_64, r-oldrel-windows-x86_64