Last updated on 2025-11-12 01:49:07 CET.
| Flavor | Version | Tinstall | Tcheck | Ttotal | Status | Flags |
|---|---|---|---|---|---|---|
| r-devel-linux-x86_64-debian-clang | 0.1.0 | 1.56 | 20.60 | 22.16 | OK | |
| r-devel-linux-x86_64-debian-gcc | 0.1.0 | 1.37 | 16.83 | 18.20 | OK | |
| r-devel-linux-x86_64-fedora-clang | 0.1.0 | 32.83 | OK | |||
| r-devel-linux-x86_64-fedora-gcc | 0.1.0 | 30.82 | OK | |||
| r-devel-windows-x86_64 | 0.1.0 | 2.00 | 44.00 | 46.00 | OK | |
| r-patched-linux-x86_64 | 0.1.0 | 1.59 | 19.51 | 21.10 | OK | |
| r-release-linux-x86_64 | 0.1.0 | 1.61 | 19.50 | 21.11 | OK | |
| r-release-macos-arm64 | 0.1.0 | 1.00 | 17.00 | 18.00 | OK | |
| r-release-macos-x86_64 | 0.1.0 | 2.00 | 23.00 | 25.00 | OK | |
| r-release-windows-x86_64 | 0.1.0 | 3.00 | 53.00 | 56.00 | OK | |
| r-oldrel-macos-arm64 | 0.1.0 | 1.00 | 15.00 | 16.00 | NOTE | |
| r-oldrel-macos-x86_64 | 0.1.0 | 1.00 | 21.00 | 22.00 | NOTE | |
| r-oldrel-windows-x86_64 | 0.1.0 | 5.00 | 49.00 | 54.00 | NOTE |
Version: 0.1.0
Check: LazyData
Result: NOTE
'LazyData' is specified without a 'data' directory
Flavors: r-oldrel-macos-arm64, r-oldrel-macos-x86_64, r-oldrel-windows-x86_64