CRAN Package Check Results for Package qgshiny

Last updated on 2025-11-12 01:49:07 CET.

Flavor Version Tinstall Tcheck Ttotal Status Flags
r-devel-linux-x86_64-debian-clang 0.1.0 3.23 29.54 32.77 OK
r-devel-linux-x86_64-debian-gcc 0.1.0 2.31 22.74 25.05 OK
r-devel-linux-x86_64-fedora-clang 0.1.0 49.59 NOTE
r-devel-linux-x86_64-fedora-gcc 0.1.0 47.77 NOTE
r-devel-windows-x86_64 0.1.0 6.00 46.00 52.00 OK
r-patched-linux-x86_64 0.1.0 3.06 28.48 31.54 OK
r-release-linux-x86_64 0.1.0 2.95 28.36 31.31 OK
r-release-macos-arm64 0.1.0 2.00 18.00 20.00 OK
r-release-macos-x86_64 0.1.0 3.00 31.00 34.00 OK
r-release-windows-x86_64 0.1.0 6.00 46.00 52.00 OK
r-oldrel-macos-arm64 0.1.0 2.00 18.00 20.00 NOTE
r-oldrel-macos-x86_64 0.1.0 2.00 25.00 27.00 NOTE
r-oldrel-windows-x86_64 0.1.0 7.00 53.00 60.00 NOTE

Check Details

Version: 0.1.0
Check: dependencies in R code
Result: NOTE Namespaces in Imports field not imported from: ‘rmarkdown’ ‘stats’ All declared Imports should be used. Flavors: r-devel-linux-x86_64-fedora-clang, r-devel-linux-x86_64-fedora-gcc

Version: 0.1.0
Check: LazyData
Result: NOTE 'LazyData' is specified without a 'data' directory Flavors: r-oldrel-macos-arm64, r-oldrel-macos-x86_64, r-oldrel-windows-x86_64