Last updated on 2025-11-12 01:49:07 CET.
| Flavor | Version | Tinstall | Tcheck | Ttotal | Status | Flags |
|---|---|---|---|---|---|---|
| r-devel-linux-x86_64-debian-clang | 1.2.1 | 4.50 | 52.14 | 56.64 | OK | |
| r-devel-linux-x86_64-debian-gcc | 1.2.1 | 3.25 | 35.81 | 39.06 | OK | |
| r-devel-linux-x86_64-fedora-clang | 1.2.1 | 12.00 | 72.48 | 84.48 | OK | |
| r-devel-linux-x86_64-fedora-gcc | 1.2.1 | 13.00 | 83.78 | 96.78 | OK | |
| r-devel-windows-x86_64 | 1.2.1 | 7.00 | 74.00 | 81.00 | OK | |
| r-patched-linux-x86_64 | 1.2.1 | 5.08 | 49.41 | 54.49 | OK | |
| r-release-linux-x86_64 | 1.2.1 | 4.16 | 49.95 | 54.11 | OK | |
| r-release-macos-arm64 | 1.2.1 | 2.00 | 45.00 | 47.00 | OK | |
| r-release-macos-x86_64 | 1.2.1 | 5.00 | 81.00 | 86.00 | OK | |
| r-release-windows-x86_64 | 1.2.1 | 6.00 | 76.00 | 82.00 | OK | |
| r-oldrel-macos-arm64 | 1.2.1 | 2.00 | 34.00 | 36.00 | NOTE | |
| r-oldrel-macos-x86_64 | 1.2.1 | 3.00 | 73.00 | 76.00 | NOTE | |
| r-oldrel-windows-x86_64 | 1.2.1 | 9.00 | 89.00 | 98.00 | NOTE |
Version: 1.2.1
Check: LazyData
Result: NOTE
'LazyData' is specified without a 'data' directory
Flavors: r-oldrel-macos-arm64, r-oldrel-macos-x86_64, r-oldrel-windows-x86_64