CRAN Package Check Results for Package pullword

Last updated on 2025-11-12 01:49:07 CET.

Flavor Version Tinstall Tcheck Ttotal Status Flags
r-devel-linux-x86_64-debian-clang 0.3 2.67 24.76 27.43 NOTE
r-devel-linux-x86_64-debian-gcc 0.3 3.03 20.23 23.26 NOTE
r-devel-linux-x86_64-fedora-clang 0.3 41.89 OK
r-devel-linux-x86_64-fedora-gcc 0.3 40.50 OK
r-devel-windows-x86_64 0.3 8.00 51.00 59.00 OK
r-patched-linux-x86_64 0.3 3.54 24.45 27.99 OK
r-release-linux-x86_64 0.3 3.43 23.73 27.16 OK
r-release-macos-arm64 0.3 4.00 19.00 23.00 OK
r-release-macos-x86_64 0.3 7.00 41.00 48.00 OK
r-release-windows-x86_64 0.3 8.00 50.00 58.00 OK
r-oldrel-macos-arm64 0.3 4.00 19.00 23.00 OK
r-oldrel-macos-x86_64 0.3 4.00 25.00 29.00 OK
r-oldrel-windows-x86_64 0.3 9.00 54.00 63.00 OK

Check Details

Version: 0.3
Check: CRAN incoming feasibility
Result: NOTE Maintainer: ‘Tong He <hetong007@gmail.com>’ No Authors@R field in DESCRIPTION. Please add one, modifying Authors@R: person(given = "Tong", family = "He", role = c("aut", "cre"), email = "hetong007@gmail.com") as necessary. Flavors: r-devel-linux-x86_64-debian-clang, r-devel-linux-x86_64-debian-gcc