CRAN Package Check Results for Package pryr

Last updated on 2025-11-12 01:49:07 CET.

Flavor Version Tinstall Tcheck Ttotal Status Flags
r-devel-linux-x86_64-debian-clang 0.1.6 28.83 43.66 72.49 WARN
r-devel-linux-x86_64-debian-gcc 0.1.6 18.88 32.93 51.81 WARN
r-devel-linux-x86_64-fedora-clang 0.1.6 105.00 28.02 133.02 WARN
r-devel-linux-x86_64-fedora-gcc 0.1.6 112.00 8.13 120.13 WARN
r-devel-windows-x86_64 0.1.6 35.00 85.00 120.00 NOTE
r-patched-linux-x86_64 0.1.6 29.26 41.78 71.04 NOTE
r-release-linux-x86_64 0.1.6 28.13 41.48 69.61 NOTE
r-release-macos-arm64 0.1.6 19.00 29.00 48.00 NOTE
r-release-macos-x86_64 0.1.6 13.00 46.00 59.00 NOTE
r-release-windows-x86_64 0.1.6 35.00 82.00 117.00 NOTE
r-oldrel-macos-arm64 0.1.6 14.00 23.00 37.00 OK
r-oldrel-macos-x86_64 0.1.6 14.00 38.00 52.00 OK
r-oldrel-windows-x86_64 0.1.6 42.00 101.00 143.00 OK

Check Details

Version: 0.1.6
Check: compiled code
Result: WARN File ‘pryr/libs/pryr.so’: Found non-API calls to R: ‘BODY’, ‘CLOENV’, ‘ENCLOS’, ‘EXTPTR_PROT’, ‘EXTPTR_TAG’, ‘FORMALS’, ‘FRAME’, ‘HASHTAB’, ‘NAMED’, ‘PRCODE’, ‘PRENV’, ‘PRVALUE’, ‘Rf_findVarInFrame3’ These entry points may be removed soon: ‘EXTPTR_PROT’, ‘EXTPTR_TAG’, ‘NAMED’, ‘FRAME’, ‘HASHTAB’, ‘BODY’, ‘FORMALS’, ‘CLOENV’, ‘ENCLOS’ Compiled code should not call non-API entry points in R. See ‘Writing portable packages’ in the ‘Writing R Extensions’ manual, and section ‘Moving into C API compliance’ for issues with the use of non-API entry points. Flavors: r-devel-linux-x86_64-debian-clang, r-devel-linux-x86_64-debian-gcc, r-devel-linux-x86_64-fedora-clang, r-devel-linux-x86_64-fedora-gcc

Version: 0.1.6
Check: compiled code
Result: NOTE File 'pryr/libs/x64/pryr.dll': Found non-API calls to R: 'BODY', 'CLOENV', 'ENCLOS', 'EXTPTR_PROT', 'EXTPTR_TAG', 'FORMALS', 'FRAME', 'HASHTAB', 'NAMED', 'PRCODE', 'PRENV', 'PRVALUE', 'Rf_findVarInFrame3' Compiled code should not call non-API entry points in R. See 'Writing portable packages' in the 'Writing R Extensions' manual, and section 'Moving into C API compliance' for issues with the use of non-API entry points. Flavors: r-devel-windows-x86_64, r-release-windows-x86_64

Version: 0.1.6
Check: compiled code
Result: NOTE File ‘pryr/libs/pryr.so’: Found non-API calls to R: ‘BODY’, ‘CLOENV’, ‘ENCLOS’, ‘EXTPTR_PROT’, ‘EXTPTR_TAG’, ‘FORMALS’, ‘FRAME’, ‘HASHTAB’, ‘NAMED’, ‘PRCODE’, ‘PRENV’, ‘PRVALUE’, ‘Rf_findVarInFrame3’ Compiled code should not call non-API entry points in R. See ‘Writing portable packages’ in the ‘Writing R Extensions’ manual, and section ‘Moving into C API compliance’ for issues with the use of non-API entry points. Flavors: r-patched-linux-x86_64, r-release-linux-x86_64, r-release-macos-arm64, r-release-macos-x86_64