CRAN Package Check Results for Package preventr

Last updated on 2025-11-12 01:49:07 CET.

Flavor Version Tinstall Tcheck Ttotal Status Flags
r-devel-linux-x86_64-debian-clang 0.11.0 5.60 183.77 189.37 NOTE
r-devel-linux-x86_64-debian-gcc 0.11.0 3.17 121.47 124.64 NOTE
r-devel-linux-x86_64-fedora-clang 0.11.0 11.00 283.00 294.00 NOTE
r-devel-linux-x86_64-fedora-gcc 0.11.0 11.00 280.86 291.86 NOTE
r-devel-windows-x86_64 0.11.0 8.00 167.00 175.00 NOTE
r-patched-linux-x86_64 0.11.0 5.43 175.49 180.92 NOTE
r-release-linux-x86_64 0.11.0 4.87 174.65 179.52 NOTE
r-release-macos-arm64 0.11.0 3.00 84.00 87.00 NOTE
r-release-macos-x86_64 0.11.0 5.00 162.00 167.00 NOTE
r-release-windows-x86_64 0.11.0 7.00 164.00 171.00 NOTE
r-oldrel-macos-arm64 0.11.0 3.00 89.00 92.00 OK
r-oldrel-macos-x86_64 0.11.0 4.00 162.00 166.00 OK
r-oldrel-windows-x86_64 0.11.0 10.00 237.00 247.00 OK

Check Details

Version: 0.11.0
Check: DESCRIPTION meta-information
Result: NOTE Missing dependency on R >= 4.2.0 because package code uses the pipe placeholder syntax added in R 4.2.0. File(s) using such syntax: ‘estimate_risk.Rd’ Flavors: r-devel-linux-x86_64-debian-clang, r-devel-linux-x86_64-debian-gcc, r-devel-linux-x86_64-fedora-clang, r-devel-linux-x86_64-fedora-gcc, r-devel-windows-x86_64, r-patched-linux-x86_64, r-release-linux-x86_64, r-release-macos-arm64, r-release-macos-x86_64, r-release-windows-x86_64