Last updated on 2025-11-12 01:49:07 CET.
| Flavor | Version | Tinstall | Tcheck | Ttotal | Status | Flags |
|---|---|---|---|---|---|---|
| r-devel-linux-x86_64-debian-clang | 1.0.0 | 1.48 | 23.51 | 24.99 | NOTE | |
| r-devel-linux-x86_64-debian-gcc | 1.0.0 | 1.30 | 19.36 | 20.66 | NOTE | |
| r-devel-linux-x86_64-fedora-clang | 1.0.0 | 35.13 | OK | |||
| r-devel-linux-x86_64-fedora-gcc | 1.0.0 | 33.77 | OK | |||
| r-devel-windows-x86_64 | 1.0.0 | 3.00 | 40.00 | 43.00 | OK | |
| r-patched-linux-x86_64 | 1.0.0 | 1.62 | 21.40 | 23.02 | OK | |
| r-release-linux-x86_64 | 1.0.0 | 1.25 | 21.46 | 22.71 | OK | |
| r-release-macos-arm64 | 1.0.0 | 1.00 | 17.00 | 18.00 | OK | |
| r-release-macos-x86_64 | 1.0.0 | 2.00 | 25.00 | 27.00 | OK | |
| r-release-windows-x86_64 | 1.0.0 | 5.00 | 44.00 | 49.00 | OK | |
| r-oldrel-macos-arm64 | 1.0.0 | 1.00 | 18.00 | 19.00 | NOTE | |
| r-oldrel-macos-x86_64 | 1.0.0 | 1.00 | 21.00 | 22.00 | NOTE | |
| r-oldrel-windows-x86_64 | 1.0.0 | 4.00 | 48.00 | 52.00 | NOTE |
Version: 1.0.0
Check: CRAN incoming feasibility
Result: NOTE
Maintainer: ‘Gabor Csardi <csardi.gabor@gmail.com>’
No Authors@R field in DESCRIPTION.
Please add one, modifying
Authors@R: c(person(given = "Gabor",
family = "Csardi",
role = c("aut", "cre"),
email = "csardi.gabor@gmail.com"),
person(given = "Sindre",
family = "Sorhus",
role = "aut"))
as necessary.
Flavors: r-devel-linux-x86_64-debian-clang, r-devel-linux-x86_64-debian-gcc
Version: 1.0.0
Check: LazyData
Result: NOTE
'LazyData' is specified without a 'data' directory
Flavors: r-oldrel-macos-arm64, r-oldrel-macos-x86_64, r-oldrel-windows-x86_64