Last updated on 2025-11-12 01:49:06 CET.
| Flavor | Version | Tinstall | Tcheck | Ttotal | Status | Flags |
|---|---|---|---|---|---|---|
| r-devel-linux-x86_64-debian-clang | 1.1.4 | 166.52 | 40.29 | 206.81 | NOTE | |
| r-devel-linux-x86_64-debian-gcc | 1.1.4 | 99.04 | 29.41 | 128.45 | NOTE | |
| r-devel-linux-x86_64-fedora-clang | 1.1.4 | 264.00 | 121.70 | 385.70 | NOTE | |
| r-devel-linux-x86_64-fedora-gcc | 1.1.4 | 219.00 | 127.08 | 346.08 | NOTE | |
| r-devel-windows-x86_64 | 1.1.4 | 176.00 | 76.00 | 252.00 | NOTE | |
| r-patched-linux-x86_64 | 1.1.4 | 160.60 | 37.68 | 198.28 | OK | |
| r-release-linux-x86_64 | 1.1.4 | 150.94 | 37.85 | 188.79 | OK | |
| r-release-macos-arm64 | 1.1.4 | 53.00 | 22.00 | 75.00 | OK | |
| r-release-macos-x86_64 | 1.1.4 | 52.00 | 35.00 | 87.00 | OK | |
| r-release-windows-x86_64 | 1.1.4 | 174.00 | 79.00 | 253.00 | OK | |
| r-oldrel-macos-arm64 | 1.1.4 | 48.00 | 25.00 | 73.00 | NOTE | |
| r-oldrel-macos-x86_64 | 1.1.4 | 61.00 | 42.00 | 103.00 | NOTE | |
| r-oldrel-windows-x86_64 | 1.1.4 | 208.00 | 93.00 | 301.00 | OK |
Version: 1.1.4
Check: Rd files
Result: NOTE
checkRd: (-1) pqrBayes-package.Rd:14-18: Only 2 columns allowed in this table (row 3 has 1)
checkRd: (-1) pqrBayes-package.Rd:14-18: Only 2 columns allowed in this table (row 5 has 1)
Flavors: r-devel-linux-x86_64-debian-clang, r-devel-linux-x86_64-debian-gcc, r-devel-linux-x86_64-fedora-clang, r-devel-linux-x86_64-fedora-gcc, r-devel-windows-x86_64
Version: 1.1.4
Check: installed package size
Result: NOTE
installed size is 7.6Mb
sub-directories of 1Mb or more:
libs 7.4Mb
Flavors: r-oldrel-macos-arm64, r-oldrel-macos-x86_64