Last updated on 2025-11-12 01:49:06 CET.
| Flavor | Version | Tinstall | Tcheck | Ttotal | Status | Flags |
|---|---|---|---|---|---|---|
| r-devel-linux-x86_64-debian-clang | 1.1.7 | 74.68 | 141.90 | 216.58 | OK | |
| r-devel-linux-x86_64-debian-gcc | 1.1.7 | 52.04 | 99.37 | 151.41 | OK | |
| r-devel-linux-x86_64-fedora-clang | 1.1.7 | 269.00 | 115.67 | 384.67 | OK | |
| r-devel-linux-x86_64-fedora-gcc | 1.1.7 | 145.00 | 222.03 | 367.03 | OK | |
| r-devel-windows-x86_64 | 1.1.7 | 90.00 | 231.00 | 321.00 | OK | |
| r-patched-linux-x86_64 | 1.1.7 | 81.46 | 137.32 | 218.78 | OK | |
| r-release-linux-x86_64 | 1.1.7 | 79.86 | 137.42 | 217.28 | OK | |
| r-release-macos-arm64 | 1.1.7 | 29.00 | 73.00 | 102.00 | OK | |
| r-release-macos-x86_64 | 1.1.7 | 37.00 | 151.00 | 188.00 | OK | |
| r-release-windows-x86_64 | 1.1.7 | 86.00 | 220.00 | 306.00 | OK | |
| r-oldrel-macos-arm64 | 1.1.7 | 26.00 | 77.00 | 103.00 | NOTE | |
| r-oldrel-macos-x86_64 | 1.1.7 | 37.00 | 155.00 | 192.00 | NOTE | |
| r-oldrel-windows-x86_64 | 1.1.7 | 100.00 | 271.00 | 371.00 | NOTE |
Version: 1.1.7
Check: installed package size
Result: NOTE
installed size is 10.4Mb
sub-directories of 1Mb or more:
R 2.3Mb
data 1.3Mb
libs 6.6Mb
Flavors: r-oldrel-macos-arm64, r-oldrel-macos-x86_64, r-oldrel-windows-x86_64