Last updated on 2025-11-12 01:49:06 CET.
| Flavor | Version | Tinstall | Tcheck | Ttotal | Status | Flags |
|---|---|---|---|---|---|---|
| r-devel-linux-x86_64-debian-clang | 1.1.1 | 13.74 | 30.54 | 44.28 | NOTE | |
| r-devel-linux-x86_64-debian-gcc | 1.1.1 | 8.12 | 23.57 | 31.69 | NOTE | |
| r-devel-linux-x86_64-fedora-clang | 1.1.1 | 34.00 | 40.73 | 74.73 | OK | |
| r-devel-linux-x86_64-fedora-gcc | 1.1.1 | 27.00 | 38.76 | 65.76 | OK | |
| r-devel-windows-x86_64 | 1.1.1 | 16.00 | 65.00 | 81.00 | OK | |
| r-patched-linux-x86_64 | 1.1.1 | 11.70 | 29.43 | 41.13 | OK | |
| r-release-linux-x86_64 | 1.1.1 | 12.15 | 29.12 | 41.27 | OK | |
| r-release-macos-arm64 | 1.1.1 | 6.00 | 16.00 | 22.00 | OK | |
| r-release-macos-x86_64 | 1.1.1 | 8.00 | 28.00 | 36.00 | OK | |
| r-release-windows-x86_64 | 1.1.1 | 18.00 | 63.00 | 81.00 | OK | |
| r-oldrel-macos-arm64 | 1.1.1 | 9.00 | 18.00 | 27.00 | OK | |
| r-oldrel-macos-x86_64 | 1.1.1 | 8.00 | 24.00 | 32.00 | OK | |
| r-oldrel-windows-x86_64 | 1.1.1 | 19.00 | 77.00 | 96.00 | OK |
Version: 1.1.1
Check: CRAN incoming feasibility
Result: NOTE
Maintainer: ‘David Kahle <david@kahle.io>’
Package CITATION file contains call(s) to old-style citEntry(). Please
use bibentry() instead.
Flavors: r-devel-linux-x86_64-debian-clang, r-devel-linux-x86_64-debian-gcc