Last updated on 2025-11-12 01:49:06 CET.
| Flavor | Version | Tinstall | Tcheck | Ttotal | Status | Flags |
|---|---|---|---|---|---|---|
| r-devel-linux-x86_64-debian-clang | 2.5.1 | 81.23 | 210.57 | 291.80 | NOTE | |
| r-devel-linux-x86_64-debian-gcc | 2.5.1 | 52.00 | 136.42 | 188.42 | NOTE | |
| r-devel-linux-x86_64-fedora-clang | 2.5.1 | 371.00 | 148.72 | 519.72 | NOTE | |
| r-devel-linux-x86_64-fedora-gcc | 2.5.1 | 375.00 | 102.90 | 477.90 | NOTE | |
| r-devel-windows-x86_64 | 2.5.1 | 91.00 | 241.00 | 332.00 | NOTE | |
| r-patched-linux-x86_64 | 2.5.1 | 81.69 | 195.64 | 277.33 | OK | |
| r-release-linux-x86_64 | 2.5.1 | 81.51 | 196.43 | 277.94 | OK | |
| r-release-macos-arm64 | 2.5.1 | 34.00 | 77.00 | 111.00 | OK | |
| r-release-macos-x86_64 | 2.5.1 | 69.00 | 253.00 | 322.00 | OK | |
| r-release-windows-x86_64 | 2.5.1 | 98.00 | 242.00 | 340.00 | OK | |
| r-oldrel-macos-arm64 | 2.5.1 | 30.00 | 80.00 | 110.00 | NOTE | |
| r-oldrel-macos-x86_64 | 2.5.1 | 67.00 | 254.00 | 321.00 | NOTE | |
| r-oldrel-windows-x86_64 | 2.5.1 | 120.00 | 317.00 | 437.00 | NOTE |
Version: 2.5.1
Check: Rd files
Result: NOTE
checkRd: (-1) spans_procedure.Rd:73-81: Only 2 columns allowed in this table (row 1 has 1)
checkRd: (-1) spans_procedure.Rd:73-81: Only 2 columns allowed in this table (row 2 has 1)
checkRd: (-1) spans_procedure.Rd:73-81: Only 2 columns allowed in this table (row 3 has 1)
Flavors: r-devel-linux-x86_64-debian-clang, r-devel-linux-x86_64-debian-gcc, r-devel-linux-x86_64-fedora-clang, r-devel-linux-x86_64-fedora-gcc, r-devel-windows-x86_64
Version: 2.5.1
Check: package dependencies
Result: NOTE
Package suggested but not available for checking: ‘pmartRdata’
Flavors: r-oldrel-macos-arm64, r-oldrel-macos-x86_64, r-oldrel-windows-x86_64
Version: 2.5.1
Check: installed package size
Result: NOTE
installed size is 7.6Mb
sub-directories of 1Mb or more:
libs 5.1Mb
Flavors: r-oldrel-macos-arm64, r-oldrel-macos-x86_64