Last updated on 2025-11-12 01:49:06 CET.
| Flavor | Version | Tinstall | Tcheck | Ttotal | Status | Flags |
|---|---|---|---|---|---|---|
| r-devel-linux-x86_64-debian-clang | 1.5.6 | 34.69 | 138.28 | 172.97 | OK | |
| r-devel-linux-x86_64-debian-gcc | 1.5.6 | 22.03 | 89.69 | 111.72 | OK | |
| r-devel-linux-x86_64-fedora-clang | 1.5.6 | 77.00 | 173.78 | 250.78 | OK | |
| r-devel-linux-x86_64-fedora-gcc | 1.5.6 | 74.00 | 185.21 | 259.21 | OK | |
| r-devel-windows-x86_64 | 1.5.6 | 34.00 | 149.00 | 183.00 | OK | |
| r-patched-linux-x86_64 | 1.5.6 | 36.06 | 122.50 | 158.56 | OK | |
| r-release-linux-x86_64 | 1.5.6 | 30.93 | 123.13 | 154.06 | OK | |
| r-release-macos-arm64 | 1.5.6 | 11.00 | 55.00 | 66.00 | OK | |
| r-release-macos-x86_64 | 1.5.6 | 32.00 | 144.00 | 176.00 | OK | |
| r-release-windows-x86_64 | 1.5.6 | 36.00 | 146.00 | 182.00 | OK | |
| r-oldrel-macos-arm64 | 1.5.6 | 15.00 | 56.00 | 71.00 | NOTE | |
| r-oldrel-macos-x86_64 | 1.5.6 | 32.00 | 115.00 | 147.00 | NOTE | |
| r-oldrel-windows-x86_64 | 1.5.6 | 48.00 | 208.00 | 256.00 | OK |
Version: 1.5.6
Check: installed package size
Result: NOTE
installed size is 5.3Mb
sub-directories of 1Mb or more:
R 2.1Mb
data 2.0Mb
Flavors: r-oldrel-macos-arm64, r-oldrel-macos-x86_64