CRAN Package Check Results for Package phylocanvas

Last updated on 2025-11-12 01:49:06 CET.

Flavor Version Tinstall Tcheck Ttotal Status Flags
r-devel-linux-x86_64-debian-clang 0.1.3 8.10 76.21 84.31 OK
r-devel-linux-x86_64-debian-gcc 0.1.3 5.64 56.16 61.80 OK
r-devel-linux-x86_64-fedora-clang 0.1.3 23.00 107.61 130.61 OK
r-devel-linux-x86_64-fedora-gcc 0.1.3 18.00 118.09 136.09 OK
r-devel-windows-x86_64 0.1.3 10.00 83.00 93.00 OK
r-patched-linux-x86_64 0.1.3 7.65 70.96 78.61 OK
r-release-linux-x86_64 0.1.3 7.40 71.35 78.75 OK
r-release-macos-arm64 0.1.3 5.00 95.00 100.00 OK
r-release-macos-x86_64 0.1.3 13.00 141.00 154.00 OK
r-release-windows-x86_64 0.1.3 8.00 83.00 91.00 OK
r-oldrel-macos-arm64 0.1.3 4.00 40.00 44.00 NOTE
r-oldrel-macos-x86_64 0.1.3 6.00 57.00 63.00 NOTE
r-oldrel-windows-x86_64 0.1.3 13.00 99.00 112.00 NOTE

Check Details

Version: 0.1.3
Check: LazyData
Result: NOTE 'LazyData' is specified without a 'data' directory Flavors: r-oldrel-macos-arm64, r-oldrel-macos-x86_64, r-oldrel-windows-x86_64