Last updated on 2025-11-22 22:51:13 CET.
| Flavor | Version | Tinstall | Tcheck | Ttotal | Status | Flags |
|---|---|---|---|---|---|---|
| r-devel-linux-x86_64-debian-clang | 1.0.2 | 103.55 | 80.59 | 184.14 | WARN | |
| r-devel-linux-x86_64-debian-gcc | 1.0.2 | 65.86 | 58.02 | 123.88 | WARN | |
| r-devel-linux-x86_64-fedora-clang | 1.0.2 | 119.00 | 207.92 | 326.92 | NOTE | |
| r-devel-linux-x86_64-fedora-gcc | 1.0.2 | 129.00 | 152.82 | 281.82 | NOTE | |
| r-devel-windows-x86_64 | 1.0.2 | 131.00 | 98.00 | 229.00 | NOTE | |
| r-patched-linux-x86_64 | 1.0.2 | 110.98 | 72.37 | 183.35 | NOTE | |
| r-release-linux-x86_64 | 1.0.2 | 108.27 | 71.00 | 179.27 | NOTE | |
| r-release-macos-arm64 | 1.0.2 | NOTE | ||||
| r-release-macos-x86_64 | 1.0.2 | 47.00 | 70.00 | 117.00 | NOTE | |
| r-release-windows-x86_64 | 1.0.2 | 124.00 | 107.00 | 231.00 | NOTE | |
| r-oldrel-macos-arm64 | 1.0.2 | NOTE | ||||
| r-oldrel-macos-x86_64 | 1.0.2 | 36.00 | 49.00 | 85.00 | NOTE | |
| r-oldrel-windows-x86_64 | 1.0.2 | 143.00 | 123.00 | 266.00 | NOTE |
Version: 1.0.2
Check: whether package can be installed
Result: WARN
Found the following significant warnings:
/home/hornik/tmp/R.check/r-devel-clang/Work/build/Packages/RcppArmadillo/include/RcppArmadillo/version/arma.h:66:17: warning: Using fallback compilation with Armadillo 14.6.3. Please consider defining -DARMA_USE_CURRENT and also removing C++11 compilation directive. See GitHub issue #475 for more. [-W#pragma-messages]
See ‘/home/hornik/tmp/R.check/r-devel-clang/Work/PKGS/penPHcure.Rcheck/00install.out’ for details.
* used C++ compiler: ‘Debian clang version 21.1.5 (1)’
Flavor: r-devel-linux-x86_64-debian-clang
Version: 1.0.2
Check: C++ specification
Result: NOTE
Specified C++11: please drop specification unless essential
Flavors: r-devel-linux-x86_64-debian-clang, r-devel-linux-x86_64-debian-gcc, r-devel-linux-x86_64-fedora-clang, r-devel-linux-x86_64-fedora-gcc, r-devel-windows-x86_64, r-patched-linux-x86_64, r-release-linux-x86_64, r-release-macos-arm64, r-release-macos-x86_64, r-release-windows-x86_64, r-oldrel-macos-arm64, r-oldrel-macos-x86_64, r-oldrel-windows-x86_64
Version: 1.0.2
Check: whether package can be installed
Result: WARN
Found the following significant warnings:
/home/hornik/tmp/R.check/r-devel-gcc/Work/build/Packages/RcppArmadillo/include/RcppArmadillo/version/arma.h:66:199: note: ‘#pragma message: Using fallback compilation with Armadillo 14.6.3. Please consider defining -DARMA_USE_CURRENT and also removing C++11 compilation directive. See GitHub issue #475 for more.’
See ‘/home/hornik/tmp/R.check/r-devel-gcc/Work/PKGS/penPHcure.Rcheck/00install.out’ for details.
* used C++ compiler: ‘g++-15 (Debian 15.2.0-7) 15.2.0’
Flavor: r-devel-linux-x86_64-debian-gcc
Version: 1.0.2
Check: installed package size
Result: NOTE
installed size is 5.9Mb
sub-directories of 1Mb or more:
libs 5.7Mb
Flavors: r-oldrel-macos-arm64, r-oldrel-macos-x86_64