Last updated on 2025-11-12 01:49:05 CET.
| Flavor | Version | Tinstall | Tcheck | Ttotal | Status | Flags |
|---|---|---|---|---|---|---|
| r-devel-linux-x86_64-debian-clang | 0.2.0 | 62.85 | 190.82 | 253.67 | OK | |
| r-devel-linux-x86_64-debian-gcc | 0.2.0 | 43.96 | 126.84 | 170.80 | OK | |
| r-devel-linux-x86_64-fedora-clang | 0.2.0 | 124.00 | 260.53 | 384.53 | OK | |
| r-devel-linux-x86_64-fedora-gcc | 0.2.0 | 144.00 | 254.50 | 398.50 | OK | |
| r-devel-windows-x86_64 | 0.2.0 | 56.00 | 221.00 | 277.00 | OK | |
| r-patched-linux-x86_64 | 0.2.0 | 59.04 | 178.21 | 237.25 | OK | |
| r-release-linux-x86_64 | 0.2.0 | 61.59 | 179.60 | 241.19 | OK | |
| r-release-macos-arm64 | 0.2.0 | 38.00 | 76.00 | 114.00 | OK | |
| r-release-macos-x86_64 | 0.2.0 | 64.00 | 160.00 | 224.00 | OK | |
| r-release-windows-x86_64 | 0.2.0 | 57.00 | 221.00 | 278.00 | OK | |
| r-oldrel-macos-arm64 | 0.2.0 | 35.00 | 81.00 | 116.00 | NOTE | |
| r-oldrel-macos-x86_64 | 0.2.0 | 64.00 | 157.00 | 221.00 | NOTE | |
| r-oldrel-windows-x86_64 | 0.2.0 | 67.00 | 285.00 | 352.00 | OK |
Version: 0.2.0
Check: installed package size
Result: NOTE
installed size is 27.8Mb
sub-directories of 1Mb or more:
libs 27.1Mb
Flavors: r-oldrel-macos-arm64, r-oldrel-macos-x86_64