Last updated on 2025-11-12 01:49:05 CET.
| Flavor | Version | Tinstall | Tcheck | Ttotal | Status | Flags |
|---|---|---|---|---|---|---|
| r-devel-linux-x86_64-debian-clang | 1.0 | 2.01 | 23.38 | 25.39 | NOTE | |
| r-devel-linux-x86_64-debian-gcc | 1.0 | 1.63 | 18.67 | 20.30 | NOTE | |
| r-devel-linux-x86_64-fedora-clang | 1.0 | 38.71 | NOTE | |||
| r-devel-linux-x86_64-fedora-gcc | 1.0 | 39.22 | NOTE | |||
| r-devel-windows-x86_64 | 1.0 | 5.00 | 42.00 | 47.00 | OK | |
| r-patched-linux-x86_64 | 1.0 | 2.17 | 22.07 | 24.24 | OK | |
| r-release-linux-x86_64 | 1.0 | 1.89 | 21.96 | 23.85 | OK | |
| r-release-macos-arm64 | 1.0 | 1.00 | 18.00 | 19.00 | OK | |
| r-release-macos-x86_64 | 1.0 | 2.00 | 26.00 | 28.00 | OK | |
| r-release-windows-x86_64 | 1.0 | 3.00 | 43.00 | 46.00 | OK | |
| r-oldrel-macos-arm64 | 1.0 | 1.00 | 15.00 | 16.00 | OK | |
| r-oldrel-macos-x86_64 | 1.0 | 2.00 | 22.00 | 24.00 | OK | |
| r-oldrel-windows-x86_64 | 1.0 | 5.00 | 48.00 | 53.00 | OK |
Version: 1.0
Check: CRAN incoming feasibility
Result: NOTE
Maintainer: ‘Marco Corneli <marcogenni@gmail.com>’
No Authors@R field in DESCRIPTION.
Please add one, modifying
Authors@R: c(person(given = "Marco",
family = "Corneli",
role = c("aut", "cre"),
email = "marcogenni@gmail.com"),
person(given = "Charles",
family = "Bouveyron",
role = "aut"),
person(given = "Pierre",
family = "Latouche",
role = "aut"))
as necessary.
Flavors: r-devel-linux-x86_64-debian-clang, r-devel-linux-x86_64-debian-gcc
Version: 1.0
Check: dependencies in R code
Result: NOTE
Namespace in Imports field not imported from: ‘reshape2’
All declared Imports should be used.
Flavors: r-devel-linux-x86_64-fedora-clang, r-devel-linux-x86_64-fedora-gcc