Last updated on 2025-11-12 01:49:05 CET.
| Flavor | Version | Tinstall | Tcheck | Ttotal | Status | Flags |
|---|---|---|---|---|---|---|
| r-devel-linux-x86_64-debian-clang | 3.2.2 | 73.90 | 202.46 | 276.36 | OK | --no-vignettes |
| r-devel-linux-x86_64-debian-gcc | 3.2.2 | 45.97 | 141.10 | 187.07 | OK | --no-vignettes |
| r-devel-linux-x86_64-fedora-clang | 3.2.2 | 151.00 | 321.49 | 472.49 | OK | |
| r-devel-linux-x86_64-fedora-gcc | 3.2.2 | 159.00 | 315.76 | 474.76 | OK | |
| r-devel-windows-x86_64 | 3.2.2 | 76.00 | 243.00 | 319.00 | OK | |
| r-patched-linux-x86_64 | 3.2.2 | 66.20 | 191.97 | 258.17 | OK | --no-vignettes |
| r-release-linux-x86_64 | 3.2.2 | 70.24 | 192.76 | 263.00 | OK | --no-vignettes |
| r-release-macos-arm64 | 3.2.2 | 23.00 | 74.00 | 97.00 | OK | |
| r-release-macos-x86_64 | 3.2.2 | 48.00 | 153.00 | 201.00 | OK | |
| r-release-windows-x86_64 | 3.2.2 | 79.00 | 244.00 | 323.00 | OK | |
| r-oldrel-macos-arm64 | 3.2.2 | 29.00 | 62.00 | 91.00 | NOTE | |
| r-oldrel-macos-x86_64 | 3.2.2 | 47.00 | 133.00 | 180.00 | OK | |
| r-oldrel-windows-x86_64 | 3.2.2 | 100.00 | 318.00 | 418.00 | OK |
Version: 3.2.2
Check: installed package size
Result: NOTE
installed size is 5.7Mb
sub-directories of 1Mb or more:
libs 3.8Mb
Flavor: r-oldrel-macos-arm64