Last updated on 2025-11-12 01:49:05 CET.
| Flavor | Version | Tinstall | Tcheck | Ttotal | Status | Flags |
|---|---|---|---|---|---|---|
| r-devel-linux-x86_64-debian-clang | 0.1.4 | 165.86 | 343.58 | 509.44 | OK | |
| r-devel-linux-x86_64-debian-gcc | 0.1.4 | 148.53 | 244.95 | 393.48 | OK | |
| r-devel-linux-x86_64-fedora-clang | 0.1.4 | 348.00 | 466.76 | 814.76 | OK | |
| r-devel-linux-x86_64-fedora-gcc | 0.1.4 | 483.00 | 417.84 | 900.84 | OK | |
| r-devel-windows-x86_64 | 0.1.4 | 185.00 | 366.00 | 551.00 | OK | |
| r-patched-linux-x86_64 | 0.1.4 | 188.06 | 345.49 | 533.55 | OK | |
| r-release-linux-x86_64 | 0.1.4 | 184.62 | 340.41 | 525.03 | OK | |
| r-release-macos-arm64 | 0.1.4 | 79.00 | 122.00 | 201.00 | OK | |
| r-release-macos-x86_64 | 0.1.4 | 117.00 | 258.00 | 375.00 | OK | |
| r-release-windows-x86_64 | 0.1.4 | 180.00 | 366.00 | 546.00 | OK | |
| r-oldrel-macos-arm64 | 0.1.4 | 36.00 | 74.00 | 110.00 | NOTE | |
| r-oldrel-macos-x86_64 | 0.1.4 | 58.00 | 139.00 | 197.00 | NOTE | |
| r-oldrel-windows-x86_64 | 0.1.4 | 213.00 | 470.00 | 683.00 | NOTE |
Version: 0.1.4
Check: installed package size
Result: NOTE
installed size is 48.2Mb
sub-directories of 1Mb or more:
doc 1.1Mb
libs 46.0Mb
Flavors: r-oldrel-macos-arm64, r-oldrel-macos-x86_64
Version: 0.1.4
Check: for GNU extensions in Makefiles
Result: NOTE
GNU make is a SystemRequirements.
Flavors: r-oldrel-macos-arm64, r-oldrel-macos-x86_64, r-oldrel-windows-x86_64