Last updated on 2025-11-12 01:49:04 CET.
| Flavor | Version | Tinstall | Tcheck | Ttotal | Status | Flags |
|---|---|---|---|---|---|---|
| r-devel-linux-x86_64-debian-clang | 1.1.0 | 2.27 | 35.45 | 37.72 | NOTE | |
| r-devel-linux-x86_64-debian-gcc | 1.1.0 | 1.68 | 28.44 | 30.12 | NOTE | |
| r-devel-linux-x86_64-fedora-clang | 1.1.0 | 12.00 | 67.12 | 79.12 | OK | |
| r-devel-linux-x86_64-fedora-gcc | 1.1.0 | 89.96 | OK | |||
| r-devel-windows-x86_64 | 1.1.0 | 6.00 | 74.00 | 80.00 | OK | |
| r-patched-linux-x86_64 | 1.1.0 | 2.86 | 34.00 | 36.86 | OK | |
| r-release-linux-x86_64 | 1.1.0 | 2.41 | 33.97 | 36.38 | OK | |
| r-release-macos-arm64 | 1.1.0 | 2.00 | 35.00 | 37.00 | OK | |
| r-release-macos-x86_64 | 1.1.0 | 3.00 | 63.00 | 66.00 | OK | |
| r-release-windows-x86_64 | 1.1.0 | 5.00 | 77.00 | 82.00 | OK | |
| r-oldrel-macos-arm64 | 1.1.0 | 1.00 | 26.00 | 27.00 | NOTE | |
| r-oldrel-macos-x86_64 | 1.1.0 | 4.00 | 76.00 | 80.00 | NOTE | |
| r-oldrel-windows-x86_64 | 1.1.0 | 3.00 | 78.00 | 81.00 | OK |
Version: 1.1.0
Check: CRAN incoming feasibility
Result: NOTE
Maintainer: ‘Burak Kuersad Guenhan <burakgunhan@gmail.com>’
Package CITATION file contains call(s) to old-style personList() or
as.personList(). Please use c() on person objects instead.
Package CITATION file contains call(s) to old-style citEntry(). Please
use bibentry() instead.
Flavors: r-devel-linux-x86_64-debian-clang, r-devel-linux-x86_64-debian-gcc
Version: 1.1.0
Check: package dependencies
Result: NOTE
Package suggested but not available for checking: ‘INLA’
Flavors: r-oldrel-macos-arm64, r-oldrel-macos-x86_64